{"id":859,"date":"2012-03-11T19:23:12","date_gmt":"2012-03-11T19:23:12","guid":{"rendered":"https:\/\/www.pgd-loka.si\/nova\/\/?page_id=859"},"modified":"2012-03-11T19:23:12","modified_gmt":"2012-03-11T19:23:12","slug":"usposabljanja-v-letu-2009","status":"publish","type":"page","link":"https:\/\/www.pgd-loka.si\/?page_id=859","title":{"rendered":"Usposabljanja v letu 2009"},"content":{"rendered":"<p>Na podro\u010dju osnovnega izobra\u017eevanja smo se lotili pridobivanja novega kadra za dopolnitev operativne enote. V letu 2009 smo po uspe\u0161nem usposabljanju pridobili enega (1) gasilskega \u010dastnika (vodja enot),\u00a0\u00a0tri (3) gasilce I. stopnje (vodja skupine), dva (2) gasilca sta se uspe\u0161no usposobila za tehni\u010dnega re\u0161evalca, dva (2) gasilca sta se udele\u017eila tudi usposabljanja \u00bbhot fire\u00ab treninga ter en (1) gasilec se je uspe\u0161no usposobil za mentorja mladine. PGD Loka je v mesecu novembru in decembru organiziralo osnovni te\u010daj za gasilca, katerega se je udele\u017eilo enajst (11) te\u010dajnikov iz na\u0161ega dru\u0161tva in \u0161tirje (4) te\u010dajniki PGD Menge\u0161 ter pridobili naziv gasilec pripravnik.<\/p>\n<table border=\"1\" cellspacing=\"0\" cellpadding=\"0\" align=\"center\">\n<tbody>\n<tr>\n<td width=\"99\" valign=\"top\"><strong>DATUM<\/strong><\/td>\n<td width=\"228\" valign=\"top\"><strong>VRSTA IZOBRA\u017dEVANJA OZ. USPOSABLJANJA<\/strong><\/td>\n<td width=\"285\" valign=\"top\"><strong>UDELE\u017dENCI<\/strong><\/td>\n<\/tr>\n<tr>\n<td width=\"99\" valign=\"top\">01.03.2009 \u201309.05.2009<\/td>\n<td width=\"228\" valign=\"top\">Te\u010daj za vodjo enot (G\u010c)<\/td>\n<td width=\"285\" valign=\"top\">Andrej Bizjak<\/td>\n<\/tr>\n<tr>\n<td width=\"99\" valign=\"top\">09.03.2009 \u201324.05.2009<\/td>\n<td width=\"228\" valign=\"top\">Te\u010daj za vodjo skupine<\/td>\n<td width=\"285\" valign=\"top\">David Bizjak,<br \/>\nBo\u0161tjan \u010cebulj,<br \/>\nAn\u017ee Kveder<\/td>\n<\/tr>\n<tr>\n<td width=\"99\" valign=\"top\">31.03.2009 \u201301.04.2009<\/td>\n<td width=\"228\" valign=\"top\">Te\u010daj za ga\u0161enje notranjih po\u017earov &#8211; modul A<\/td>\n<td width=\"285\" valign=\"top\">David Bizjak,<br \/>\nAn\u017ee Kveder<\/td>\n<\/tr>\n<tr>\n<td width=\"99\" valign=\"top\">23.04.2009 \u201325.04.2009<\/td>\n<td width=\"228\" valign=\"top\">Te\u010daj tehni\u010dnega re\u0161evanja<\/td>\n<td width=\"285\" valign=\"top\">David Bizjak,<br \/>\nAn\u017ee Kveder<\/td>\n<\/tr>\n<tr>\n<td width=\"99\" valign=\"top\">08.05.2009 \u201317.05.2009<\/td>\n<td width=\"228\" valign=\"top\">Te\u010daj za mentorja mladine<\/td>\n<td width=\"285\" valign=\"top\">An\u017ee Kveder<\/td>\n<\/tr>\n<tr>\n<td width=\"99\" valign=\"top\">06.11.2009 \u201305.12.2009<\/td>\n<td width=\"228\" valign=\"top\">Osnovni te\u010daj za gasilca<\/td>\n<td width=\"285\" valign=\"top\">Matej Brumec,<br \/>\nBla\u017e Burgar,<br \/>\nAn\u017ee Gorjup,<br \/>\nTina Gorjup,<br \/>\nSa\u0161o Jen\u010di\u010d,<br \/>\nJan Klan\u010dar,<br \/>\nEva Kuzmi\u010d,<br \/>\n\u017dana Kveder,<br \/>\nDomen Pirnat,<br \/>\nMatic Sa\u0161ek,<br \/>\nTina Su\u0161nik<\/td>\n<\/tr>\n<\/tbody>\n<\/table>\n<p>&nbsp;<\/p>\n","protected":false},"excerpt":{"rendered":"<p>Na podro\u010dju osnovnega izobra\u017eevanja smo se lotili pridobivanja novega kadra za dopolnitev operativne enote. V letu 2009 smo po uspe\u0161nem usposabljanju pridobili enega (1) gasilskega \u010dastnika (vodja enot),\u00a0\u00a0tri (3) gasilce I. stopnje (vodja skupine), dva (2) gasilca sta se uspe\u0161no &hellip; <a href=\"https:\/\/www.pgd-loka.si\/?page_id=859\">Beri naprej <span class=\"meta-nav\">&rarr;<\/span><\/a><\/p>\n","protected":false},"author":3,"featured_media":0,"parent":0,"menu_order":0,"comment_status":"open","ping_status":"open","template":"","meta":{"footnotes":""},"class_list":["post-859","page","type-page","status-publish","hentry"],"_links":{"self":[{"href":"https:\/\/www.pgd-loka.si\/index.php?rest_route=\/wp\/v2\/pages\/859","targetHints":{"allow":["GET"]}}],"collection":[{"href":"https:\/\/www.pgd-loka.si\/index.php?rest_route=\/wp\/v2\/pages"}],"about":[{"href":"https:\/\/www.pgd-loka.si\/index.php?rest_route=\/wp\/v2\/types\/page"}],"author":[{"embeddable":true,"href":"https:\/\/www.pgd-loka.si\/index.php?rest_route=\/wp\/v2\/users\/3"}],"replies":[{"embeddable":true,"href":"https:\/\/www.pgd-loka.si\/index.php?rest_route=%2Fwp%2Fv2%2Fcomments&post=859"}],"version-history":[{"count":1,"href":"https:\/\/www.pgd-loka.si\/index.php?rest_route=\/wp\/v2\/pages\/859\/revisions"}],"predecessor-version":[{"id":861,"href":"https:\/\/www.pgd-loka.si\/index.php?rest_route=\/wp\/v2\/pages\/859\/revisions\/861"}],"wp:attachment":[{"href":"https:\/\/www.pgd-loka.si\/index.php?rest_route=%2Fwp%2Fv2%2Fmedia&parent=859"}],"curies":[{"name":"wp","href":"https:\/\/api.w.org\/{rel}","templated":true}]}}