{"id":843,"date":"2012-03-11T19:07:52","date_gmt":"2012-03-11T19:07:52","guid":{"rendered":"https:\/\/www.pgd-loka.si\/nova\/\/?page_id=843"},"modified":"2012-03-11T19:08:46","modified_gmt":"2012-03-11T19:08:46","slug":"usposabljanja-v-letu-2010","status":"publish","type":"page","link":"https:\/\/www.pgd-loka.si\/?page_id=843","title":{"rendered":"Usposabljanja v letu 2010"},"content":{"rendered":"<p>Na podro\u010dju osnovnega izobra\u017eevanja smo se lotili pridobivanja novega kadra na podro\u010dju gasilsko-\u0161portnih tekmovalnih disciplin in na podro\u010dju operativne enote. V letu 2010 smo po uspe\u0161nem usposabljanju pridobili dva (2) sodnika gasilskih in gasilsko-\u0161portnih tekmovalnih disciplin, trije (3) gasilci so se udele\u017eili te\u010daja za ga\u0161enje notranjih po\u017earov modul B , dva (2) gasilca sta se uspe\u0161no usposobila za delo z nevarnimi snovmi, ter en (1) gasilec je uspe\u0161no opravil te\u010daj za in\u0161truktorja radijskih zvez.<br \/>\n<center><\/p>\n<table border=\"1\" cellspacing=\"1\" cellpadding=\"1\" align=\"center\">\n<tbody>\n<tr>\n<td><strong>DATUM<\/strong><\/td>\n<td><strong>VRSTA IZOBRA\u017dEVANJA OZ.<br \/>\nUSPOSABLJANJA<\/strong><\/td>\n<td><strong>UDELE\u017dENCI<\/strong><\/td>\n<\/tr>\n<tr>\n<td>12.03.2010 &#8211;<br \/>\n18.04.2010<\/td>\n<td>Te\u010daj za sodnika gasilskih in gasilsko-\u0161portnih<br \/>\ntekmovalnih disciplin<\/td>\n<td>Andrej Brojan,<br \/>\nAndrej Bizjak<\/td>\n<\/tr>\n<tr>\n<td>22.05.2010<\/td>\n<td>Te\u010daj za in\u0161truktorja radijskih zvez<\/td>\n<td>Andrej Bizjak<\/td>\n<\/tr>\n<tr>\n<td>03.06.2010 &#8211;<br \/>\n05.06.2010<\/td>\n<td>Te\u010daj za delo z nevarnimi snovmi<\/td>\n<td>David Bizjak,<br \/>\nAn\u017ee Kveder<\/td>\n<\/tr>\n<tr>\n<td>13.10.2010 &#8211;<br \/>\n14.10.2010<\/td>\n<td>Te\u010daj za ga\u0161enje notranjih po\u017earov &#8211; modul B<\/td>\n<td>Andrej Bizjak,<br \/>\nDavid Bizjak,<br \/>\nBranko Urbanc<\/td>\n<\/tr>\n<\/tbody>\n<\/table>\n<p><\/center><\/p>\n","protected":false},"excerpt":{"rendered":"<p>Na podro\u010dju osnovnega izobra\u017eevanja smo se lotili pridobivanja novega kadra na podro\u010dju gasilsko-\u0161portnih tekmovalnih disciplin in na podro\u010dju operativne enote. V letu 2010 smo po uspe\u0161nem usposabljanju pridobili dva (2) sodnika gasilskih in gasilsko-\u0161portnih tekmovalnih disciplin, trije (3) gasilci so &hellip; <a href=\"https:\/\/www.pgd-loka.si\/?page_id=843\">Beri naprej <span class=\"meta-nav\">&rarr;<\/span><\/a><\/p>\n","protected":false},"author":3,"featured_media":0,"parent":0,"menu_order":0,"comment_status":"open","ping_status":"open","template":"","meta":{"footnotes":""},"class_list":["post-843","page","type-page","status-publish","hentry"],"_links":{"self":[{"href":"https:\/\/www.pgd-loka.si\/index.php?rest_route=\/wp\/v2\/pages\/843","targetHints":{"allow":["GET"]}}],"collection":[{"href":"https:\/\/www.pgd-loka.si\/index.php?rest_route=\/wp\/v2\/pages"}],"about":[{"href":"https:\/\/www.pgd-loka.si\/index.php?rest_route=\/wp\/v2\/types\/page"}],"author":[{"embeddable":true,"href":"https:\/\/www.pgd-loka.si\/index.php?rest_route=\/wp\/v2\/users\/3"}],"replies":[{"embeddable":true,"href":"https:\/\/www.pgd-loka.si\/index.php?rest_route=%2Fwp%2Fv2%2Fcomments&post=843"}],"version-history":[{"count":2,"href":"https:\/\/www.pgd-loka.si\/index.php?rest_route=\/wp\/v2\/pages\/843\/revisions"}],"predecessor-version":[{"id":847,"href":"https:\/\/www.pgd-loka.si\/index.php?rest_route=\/wp\/v2\/pages\/843\/revisions\/847"}],"wp:attachment":[{"href":"https:\/\/www.pgd-loka.si\/index.php?rest_route=%2Fwp%2Fv2%2Fmedia&parent=843"}],"curies":[{"name":"wp","href":"https:\/\/api.w.org\/{rel}","templated":true}]}}