{"id":74,"date":"2012-03-01T18:54:29","date_gmt":"2012-03-01T18:54:29","guid":{"rendered":"http:\/\/localhost\/PGD%20Loka%204\/?page_id=74"},"modified":"2016-06-27T20:09:46","modified_gmt":"2016-06-27T18:09:46","slug":"filmi","status":"publish","type":"page","link":"https:\/\/www.pgd-loka.si\/?page_id=74","title":{"rendered":"Filmi"},"content":{"rendered":"<ul>\n<li><a href=\"https:\/\/www.youtube.com\/watch?v=iNTU2rtrOuc\" target=\"_blank\">Sprejem bronastih pionirjev z dr\u017eavnega tekmovanja v Kopru, 12.6.2016<\/a><\/li>\n<li><a href=\"http:\/\/www.youtube.com\/watch?v=WSZq9xNgmDU\" target=\"_blank\"><strong>Mladinci PGD Loka pri Meng\u0161u &#8211; izvedba vaje na dr\u017eavnem gasilskem tekmovanju na Ptuju<\/strong><\/a><\/li>\n<li><a href=\"http:\/\/www.youtube.com\/watch?v=zB1E2c9ANbc\" target=\"_blank\">Vaja Lek Menge\u0161, 25.10.2011<\/a><\/li>\n<li><a href=\"http:\/\/www.youtube.com\/watch?v=7vugDi4So0s\" target=\"_blank\"><strong>Po\u017ear objekta na Drnovem, 21.8.2011<\/strong><\/a><\/li>\n<li><a href=\"http:\/\/www.youtube.com\/watch?v=pnKqbWISZmw\" target=\"_blank\">Prikaz povratnega ognja (BACKDRAFT)<\/a><\/li>\n<li><a href=\"http:\/\/www.youtube.com\/watch?v=giNyY66U3RA\" target=\"_blank\"><strong>Intervencijska vo\u017enja na vajo ob 120-letnici PGD Menge\u0161, 5.6.2010<\/strong><\/a><\/li>\n<li><a href=\"http:\/\/www.youtube.com\/watch?v=2j5Jg0j53RM\" target=\"_blank\">Tekmovanje v spajanju sesalnega voda v CERKLJAH NA GORENJSKEM, 27.2.2010<\/a><\/li>\n<li><span style=\"color: #cc0000;\"><strong><a href=\"http:\/\/www.youtube.com\/watch?v=Q-5aZeFyPVo\" target=\"_blank\">Gasilci PGD Loka pri Meng\u0161u &#8211; Intervencijska vo\u017enja na\u00a0po\u017ear hladilnice podjetja Niko transport v Mostah pri Komendi, 17.11.2009<\/a><\/strong><\/span><\/li>\n<li><span style=\"color: #cc0000;\"><a href=\"http:\/\/www.youtube.com\/watch?v=PM1xMdeZ40U\" target=\"_blank\">Gasilci PGD Loka pri Meng\u0161u &#8211; Po\u017ear hladilnice podjetja Niko transport v Mostah pri Komendi, 17.11.2009<\/a><\/span><\/li>\n<li><span style=\"color: #cc0000;\"><strong><a href=\"http:\/\/www.youtube.com\/watch?v=LdWY5RgFMBk\" target=\"_blank\">Gasilci PGD Loka pri Meng\u0161u &#8211; Vaja GZ Menge\u0161 Melodija &#8211; Filc, \u00a029.10.2009<\/a><\/strong><\/span><\/li>\n<li><span style=\"color: #cc0000;\"><a href=\"http:\/\/www.youtube.com\/watch?v=6I4KFC3oGEw\" target=\"_blank\">Prikaz OLJNE EKSPLOZIJE, oktober 2009<\/a><\/span><\/li>\n<li><strong><a href=\"http:\/\/www.youtube.com\/watch?v=Fo2MqmONjb0\" target=\"_blank\">Gasilci PGD Loka pri Meng\u0161u &#8211; intervencija po\u017ear zabojnika v Meng\u0161u<\/a><\/strong><\/li>\n<li><a id=\"video-long-title-oSNxfSHLPAI\" title=\"Gasilci PGD Loka pri Meng\u0161u - odstranjevanje podrtega drevesa\" href=\"http:\/\/www.youtube.com\/watch?v=oSNxfSHLPAI\" rel=\"nofollow\">Gasilci PGD Loka pri Meng\u0161u &#8211; odstranjevanje podrtega drevesa<\/a><\/li>\n<li><a id=\"video-long-title-AvTlALMjRP8\" title=\"Gasilci PGD Loka pri Meng\u0161u - Intervencijska vo\u017enja\" href=\"http:\/\/www.youtube.com\/watch?v=AvTlALMjRP8\" rel=\"nofollow\"><strong>Gasilci PGD Loka pri Meng\u0161u &#8211; Intervencijska vo\u017enja<\/strong><\/a><\/li>\n<li><a href=\"http:\/\/www.youtube.com\/watch?v=3wcC4nWseMs\" target=\"_blank\">PGD Loka pri Meng\u0161u &#8211; Vaja Dobeno 2008 \/ 1. del<\/a><\/li>\n<li><strong><a href=\"http:\/\/www.youtube.com\/watch?v=uu1sx_QDoxs\" target=\"_blank\">PGD Loka pri Meng\u0161u &#8211; Vaja Dobeno 2008 \/ 2. del<\/a><\/strong><\/li>\n<li><a href=\"http:\/\/www.youtube.com\/watch?v=5s0K0NMEG-M\" target=\"_blank\">Zaklju\u010dna vaja te\u010daja za VODJO SKUPINE v Topolah, 24.5.2009<\/a><\/li>\n<li><strong><a href=\"http:\/\/www.youtube.com\/watch?v=BNUuDu8zq3o\" target=\"_blank\">DIMNI\u0160KI PO\u017dAR\u00a0&#8211;\u00a0Gasilska c. 41, februar 2009<\/a><\/strong><\/li>\n<li><a href=\"http:\/\/www.youtube.com\/watch?v=Yg5BFwq4nLc\" target=\"_blank\">INTERVENCIJSKA VO\u017dNJA na poplavljeno Gorenjsko cesto v Meng\u0161u, januar 2009<\/a><\/li>\n<li><strong><a href=\"http:\/\/www.youtube.com\/watch?v=mTr6fcLjOiY\" target=\"_blank\">INTERVENCIJSKA VO\u017dNJA vozila GVGP-1 in GVC 16\/25 na vajo GZ Menge\u0161 v Topolah, oktober 2008<\/a><\/strong><\/li>\n<li><a href=\"http:\/\/www.youtube.com\/watch?v=aQkxNljVT7o\" target=\"_blank\">Izvoz GRS Kranj ob obisku mladine GZ Menge\u0161<\/a><\/li>\n<li><strong><a href=\"http:\/\/www.youtube.com\/watch?v=-bjIFbbdjzU\" target=\"_blank\">&#8220;Kvedrova&#8221; mladina PGD Loka pri Meng\u0161u poje belo obleko<\/a><\/strong><\/li>\n<li><a href=\"http:\/\/www.youtube.com\/watch?v=10vl33pJLCk\" target=\"_blank\">INTERVENCIJSKA VO\u017dNJA vozila GVM-1 in GVC 16\/25 na kraj gasilske dru\u0161tvene vaje na Dobeno, oktober 2008<\/a><\/li>\n<li><strong><a href=\"http:\/\/www.youtube.com\/watch?v=5zAkEXHGYp8\">INTERVENCIJSKA VO\u017dNJA vozila GVGP-1 in GVC 16\/25 na vajo v Leku, november 2008<\/a><\/strong><\/li>\n<li><a href=\"http:\/\/www.youtube.com\/watch?v=l-cv9Npn4Dw\" target=\"_blank\">Gasilci PGD Loka pri Meng\u0161u, novi GVC 16\/25<\/a><\/li>\n<li><a href=\"http:\/\/www.youtube.com\/watch?v=41KGj5UkHJg\"><strong>Gasilci PGD loka pri Meng\u0161u GVC 16\/25 MB Atego<\/strong><\/a><\/li>\n<li><a href=\"http:\/\/www.youtube.com\/watch?v=-w3wBQUgekc\" target=\"_blank\">Gasilci PGD Loka pri Meng\u0161u podiramo mlaj za 1. maj<\/a><\/li>\n<\/ul>\n<p>&nbsp;<\/p>\n","protected":false},"excerpt":{"rendered":"<p>Sprejem bronastih pionirjev z dr\u017eavnega tekmovanja v Kopru, 12.6.2016 Mladinci PGD Loka pri Meng\u0161u &#8211; izvedba vaje na dr\u017eavnem gasilskem tekmovanju na Ptuju Vaja Lek Menge\u0161, 25.10.2011 Po\u017ear objekta na Drnovem, 21.8.2011 Prikaz povratnega ognja (BACKDRAFT) Intervencijska vo\u017enja na vajo &hellip; <a href=\"https:\/\/www.pgd-loka.si\/?page_id=74\">Beri naprej <span class=\"meta-nav\">&rarr;<\/span><\/a><\/p>\n","protected":false},"author":3,"featured_media":0,"parent":0,"menu_order":0,"comment_status":"open","ping_status":"open","template":"","meta":{"footnotes":""},"class_list":["post-74","page","type-page","status-publish","hentry"],"_links":{"self":[{"href":"https:\/\/www.pgd-loka.si\/index.php?rest_route=\/wp\/v2\/pages\/74","targetHints":{"allow":["GET"]}}],"collection":[{"href":"https:\/\/www.pgd-loka.si\/index.php?rest_route=\/wp\/v2\/pages"}],"about":[{"href":"https:\/\/www.pgd-loka.si\/index.php?rest_route=\/wp\/v2\/types\/page"}],"author":[{"embeddable":true,"href":"https:\/\/www.pgd-loka.si\/index.php?rest_route=\/wp\/v2\/users\/3"}],"replies":[{"embeddable":true,"href":"https:\/\/www.pgd-loka.si\/index.php?rest_route=%2Fwp%2Fv2%2Fcomments&post=74"}],"version-history":[{"count":6,"href":"https:\/\/www.pgd-loka.si\/index.php?rest_route=\/wp\/v2\/pages\/74\/revisions"}],"predecessor-version":[{"id":6057,"href":"https:\/\/www.pgd-loka.si\/index.php?rest_route=\/wp\/v2\/pages\/74\/revisions\/6057"}],"wp:attachment":[{"href":"https:\/\/www.pgd-loka.si\/index.php?rest_route=%2Fwp%2Fv2%2Fmedia&parent=74"}],"curies":[{"name":"wp","href":"https:\/\/api.w.org\/{rel}","templated":true}]}}