{"id":72,"date":"2012-03-01T18:54:22","date_gmt":"2012-03-01T18:54:22","guid":{"rendered":"http:\/\/localhost\/PGD%20Loka%204\/?page_id=72"},"modified":"2012-03-19T10:44:44","modified_gmt":"2012-03-19T10:44:44","slug":"razno","status":"publish","type":"page","link":"https:\/\/www.pgd-loka.si\/?page_id=72","title":{"rendered":"Razno"},"content":{"rendered":"<p><strong>DEFINICIJA SODOBNEGA PROSTOVOLJNEGA GASILCA<\/strong><\/p>\n<div>\n<p>Kaj je naloga sodobnega prostovoljnega gasilca? Veliko ljudi si zastavi to vpra\u0161anje in vsak ima o tem ustvarjeno svoje mnenje. Je to sodobni zabavlja\u010d? Folklorni ostanek preteklosti? Morda celo pijan\u010dek, ki \u017eivi samo za gasilske veselice in ve\u010derno dru\u017eenje? Kaj so govorice in kaj realnost?<\/p>\n<p>Sodobni prostovoljni gasilec je veliko ve\u010d kar se morda ponuja navzven na prvi vtis in govorice. Ljudje niti ne vedo, da v Sloveniji ve\u010dino dejavnosti na podro\u010dju za\u0161\u010dite in re\u0161evanja pokrivajo gasilci, tako poklicni kot prostovoljni. Poklicni gasilci nosijo veliko te\u017eo, vendar ne smemo zanemariti dejstva, da so prostovoljni gasilci enako pomembni, \u010de ne v nekaterih primerih celo pomembnej\u0161i. Zavedati se moramo, da so poklicni gasilci stacionirani samo v ve\u010djih mestih Slovenije in \u010de ne upo\u0161tevamo Gasilske brigade Ljubljana, kjer je v eni izmeni gasilcev 30, je drugod ta \u0161tevilka dosti manj\u0161a. Sedaj se lahko vpra\u0161amo: Teoreti\u010dno, \u010de pride \u017ee samo do dveh ali treh hudih nesre\u010d isto\u010dasno, poklicni gasilci \u017ee niso ve\u010d zmo\u017eni sami re\u0161iti celotne situacije. Kak\u0161ni pa so \u0161ele pogoji v odro\u010dnih predelih, kjer so poklicni gasilci uro vo\u017enje stran? \u010ce bi v tem primeru ne imeli prostovoljnega gasilstva, s \u010dim bi lahko zagotavljali varnost oseb, njihovega premo\u017eenja, \u017eivali, kulturne dedi\u0161\u010dine ter narave na takih obmo\u010djih?<\/p>\n<p>Velik pomen prostovoljnega gasilstva se poka\u017ee tudi pri nesre\u010dah ve\u010djih razse\u017enosti, kot so to veliki gozdni po\u017eari, potresi, poplave in masovne prometne nesre\u010de, nepogre\u0161ljivi so na podro\u010dju izobra\u017eevanja in vzgoje mladine ter \u0161e bi lahko na\u0161tevali. Iz tega lahko sklenemo, da je uspe\u0161nost slovenskega gasilstva ter celotnega sistema za\u0161ite in re\u0161evanja tako reko\u010d odvisna od prostovoljnega gasilstva ter njenih \u010dlanov.<\/p>\n<p>Uspe\u0161nost vsake prostovoljne gasilske organizacije je mo\u010dno odvisna od sposobnega vodstva, ki mora znati voditi gasilsko barko, kot da pluje po najhuj\u0161i nevihti. Znati mora uskladiti \u017eelje in realnost, pluti po razburkanem morju politike, financ, med zahtevami dr\u017eave ter ob\u010dine. Vse napore mora vlo\u017eiti v to, da se izpelje zastavljene plane za kar je potrebno znanje, iznajdljivost, odrekanje prostemu \u010dasu ter trdo delo. Pri tem pa je kolektivno sodelovanje mladih zagrizenih \u010dlanov ter izku\u0161enej\u0161ih starej\u0161ih klju\u010d do uspeha.<\/p>\n<p>Kak\u0161ni so torej rezultati analize vodenja in delovanja Prostovoljnega gasilskega dru\u0161tva Loka pri Meng\u0161u? Morda bi moral to oceno podati nekdo drug, ki bi bil bolj nepristranski, vendar vseeno ne moremo spregledati dejstva, da nam gre prav presneto dobro za dru\u0161tvo prve kategorije! S pomo\u010djo ob\u010dine in sova\u0161\u010danov nam je uspelo zgraditi nov gasilski dom v katerem imamo tri odli\u010dna vozila. Vozilo za prevoz mo\u0161tva, terensko vozilo za ga\u0161enje gozdnih po\u017earov ter na\u0161o najnovej\u0161o pridobitev, tovorno vozilo Mercedes Atego 4&#215;4 AF, GVC 16\/25. S takim sodobnim voznim parkom, vrhunsko opremo in kvalitetnim operativnim kadrom smo lahko kos domala vsaki nadlogi, ki bo pestila na\u0161o doma\u010do vas in njeno bli\u017enjo okolico.<\/p>\n<p>Kak\u0161na pa je definicija lo\u0161kega gasilca \u2013 operativca? Na prvi pogled sodobni norec, ki sredi no\u010di v pi\u017eami in copatih, v spodnjih hla\u010dah izpod tu\u0161a, napol obrit, od \u017eene, dekleta ali iz slu\u017ebe pridrvi z \u017earom v o\u010deh, razbijajo\u010dega srca, poln adrenalina na intervencijo z ro\u010dno pred gasilski dom, sko\u010di v gasilsko za\u0161\u010ditno obleko, zagrabi \u010delado ter z gasilskim vozilom in modrimi lu\u010dmi oddrvi na pomo\u010d. Na drugi pogled smo \u010disto obi\u010dajni fantje in dekleta, ki smo ponosni na to, da smo gasilci in z veseljem pomagamo tistim, ki na\u0161o pomo\u010d potrebujejo. Ogromno ur, za katere ne dobimo nobenega pla\u010dila, prebijemo v gasilskem domu, kjer posku\u0161amo postoriti \u010dim ve\u010d sami, da prihranimo vsak evro, ki bi nam lahko pri\u0161el prav kje drugje, udele\u017eujemo se dodatnih te\u010dajev in izobra\u017eevanj, da bi bilo na\u0161e operativno znanje na \u010dim vi\u0161ji strokovni ravni, saj so se \u010dasi spremenili ter so tehnika in metode ga\u0161enja kompleksnej\u0161e in zahtevajo ve\u010d strokovnega znanja kot v\u010dasih, poleg tega pa gasilstvo prevzema vedno ve\u010d in ve\u010d nalog na podro\u010dju za\u0161\u010dite in re\u0161evanja.<\/p>\n<p>Kljub vsemu se mnogim na\u0161e delo zdi izguba \u010dasa, saj ne prina\u0161a klasi\u010dnih dobrin sodobnega potro\u0161ni\u0161kega, individualisti\u010dno nastrojenega kapitalisti\u010dnega sveta, a prina\u0161a druge, ki jih slednji niti ne razumejo in jih nikoli ne bodo, saj se jih ne da kupiti z denarjem. To je nepopisen ob\u010dutek veselja in zadovoljstva ob tem, ko vidi\u0161, da si nekomu pomagal v trenutku stiske ter mu morda celo re\u0161il \u017eivljenje. Tisti hvala iz srca nam pomeni ve\u010d kot lahko kadarkoli kupi denar in nam daje razlog, da s svojim delom nadaljujemo ter nam ni \u017eal vsake ure, ki smo jo vlo\u017eili v to, da bi bili \u0161e bolj\u0161i in uspe\u0161nej\u0161i gasilci.<\/p>\n<p>Kaj je torej realna definicija sodobnega prostovoljnega gasilca? Dosti ve\u010d kot samo to kar se vidi na gasilski veselici.<\/p>\n<p>D.B.<\/p>\n<\/div>\n<p><strong>ZAKAJ SMO TU? Film gasilskega poslanstva ter \u017eivljenja gasilca, 17.6.2009<\/strong><\/p>\n<p><a href=\"https:\/\/www.pgd-loka.si\/\/wp-content\/uploads\/2012\/03\/2_93_qhnls2YCgy-300x.jpg\" rel=\"lightbox[72]\"><img loading=\"lazy\" decoding=\"async\" class=\"alignleft size-medium wp-image-2056\" title=\"2_93_qhnls2YCgy-300x\" src=\"https:\/\/www.pgd-loka.si\/\/wp-content\/uploads\/2012\/03\/2_93_qhnls2YCgy-300x-225x300.jpg\" alt=\"\" width=\"225\" height=\"300\" srcset=\"https:\/\/www.pgd-loka.si\/wp-content\/uploads\/2012\/03\/2_93_qhnls2YCgy-300x-225x300.jpg 225w, https:\/\/www.pgd-loka.si\/wp-content\/uploads\/2012\/03\/2_93_qhnls2YCgy-300x-250x333.jpg 250w, https:\/\/www.pgd-loka.si\/wp-content\/uploads\/2012\/03\/2_93_qhnls2YCgy-300x.jpg 300w\" sizes=\"auto, (max-width: 225px) 100vw, 225px\" \/><\/a>Vse to in \u0161e ve\u010d si lahko ogledate v kratkem gasilskem filmu, ki je zakro\u017eil (v taki ali druga\u010dni obliki)\u00a0po internetu med mnogimi Slovenci in Slovenkami z upanjem, da se prika\u017ee prava podoba in vrednote sodobnega poklicnega in prostovoljnega gasilstva v Sloveniji ter na\u0161e delo, ki je \u017ee dale\u010d preseglo razne stereotipe o &#8220;gasilcih pijancih&#8221;\u00a0ter podobnih oznakah in etiketah, ki nas preganjajo\u00a0iz preteklosti. Nikoli ne reci nikoli, morda bo\u0161 na\u0161o pomo\u010d potreboval \u017ee danes in takrat se bo\u0161 spomnil, kdo ti\u00a0je v stiski prisko\u010dil na pomo\u010d!<\/p>\n<p>Za ogled filma klikni na naslov: <a href=\"http:\/\/www.youtube.com\/watch?v=iu5C-XdUhFk\"><strong>Gasilci &#8211; resnica, ki se zare\u017ee v srce<\/strong><\/a> (vir:<a href=\"http:\/\/www.youtube.com\/watch?v=iu5C-XdUhFk\" target=\"_blank\">http:\/\/www.youtube.com\/watch?v=iu5C-XdUhFk<\/a>).<\/p>\n<p>Za vse, ki ste istega mi\u0161ljenja kot mi in bi vi ali va\u0161i otroci radi sodelovali\u00a0pri na\u0161em poslanstvu,\u00a0vas vabimo, da se nam pridru\u017eite!<\/p>\n<p>D.B.<\/p>\n","protected":false},"excerpt":{"rendered":"<p>DEFINICIJA SODOBNEGA PROSTOVOLJNEGA GASILCA Kaj je naloga sodobnega prostovoljnega gasilca? Veliko ljudi si zastavi to vpra\u0161anje in vsak ima o tem ustvarjeno svoje mnenje. Je to sodobni zabavlja\u010d? Folklorni ostanek preteklosti? Morda celo pijan\u010dek, ki \u017eivi samo za gasilske veselice &hellip; <a href=\"https:\/\/www.pgd-loka.si\/?page_id=72\">Beri naprej <span class=\"meta-nav\">&rarr;<\/span><\/a><\/p>\n","protected":false},"author":3,"featured_media":0,"parent":0,"menu_order":0,"comment_status":"open","ping_status":"open","template":"","meta":{"footnotes":""},"class_list":["post-72","page","type-page","status-publish","hentry"],"_links":{"self":[{"href":"https:\/\/www.pgd-loka.si\/index.php?rest_route=\/wp\/v2\/pages\/72","targetHints":{"allow":["GET"]}}],"collection":[{"href":"https:\/\/www.pgd-loka.si\/index.php?rest_route=\/wp\/v2\/pages"}],"about":[{"href":"https:\/\/www.pgd-loka.si\/index.php?rest_route=\/wp\/v2\/types\/page"}],"author":[{"embeddable":true,"href":"https:\/\/www.pgd-loka.si\/index.php?rest_route=\/wp\/v2\/users\/3"}],"replies":[{"embeddable":true,"href":"https:\/\/www.pgd-loka.si\/index.php?rest_route=%2Fwp%2Fv2%2Fcomments&post=72"}],"version-history":[{"count":9,"href":"https:\/\/www.pgd-loka.si\/index.php?rest_route=\/wp\/v2\/pages\/72\/revisions"}],"predecessor-version":[{"id":918,"href":"https:\/\/www.pgd-loka.si\/index.php?rest_route=\/wp\/v2\/pages\/72\/revisions\/918"}],"wp:attachment":[{"href":"https:\/\/www.pgd-loka.si\/index.php?rest_route=%2Fwp%2Fv2%2Fmedia&parent=72"}],"curies":[{"name":"wp","href":"https:\/\/api.w.org\/{rel}","templated":true}]}}