{"id":70,"date":"2012-03-01T18:54:14","date_gmt":"2012-03-01T18:54:14","guid":{"rendered":"http:\/\/localhost\/PGD%20Loka%204\/?page_id=70"},"modified":"2025-02-05T18:49:16","modified_gmt":"2025-02-05T17:49:16","slug":"prireditve-in-svecanosti","status":"publish","type":"page","link":"https:\/\/www.pgd-loka.si\/?page_id=70","title":{"rendered":"Prireditve in sve\u010danosti"},"content":{"rendered":"<ul>\n<li><a href=\"https:\/\/www.pgd-loka.si\/?page_id=12179\">Sve\u010danosti in druge prireditve v letu 2024<\/a><\/li>\n<li><a href=\"https:\/\/www.pgd-loka.si\/?page_id=12178\">Sve\u010danosti in druge prireditve v letu 2023<\/a><\/li>\n<li><a href=\"https:\/\/www.pgd-loka.si\/?page_id=12133\">Sve\u010danosti in druge prireditve v letu 2022<\/a><\/li>\n<li><a href=\"https:\/\/www.pgd-loka.si\/?page_id=10261\">Sve\u010danosti in druge prireditve v letu 2021<\/a><\/li>\n<li><a href=\"https:\/\/www.pgd-loka.si\/?page_id=9669\">Sve\u010danosti in druge prireditve v letu 2020<\/a><\/li>\n<li><a href=\"https:\/\/www.pgd-loka.si\/?page_id=9168\">Sve\u010danosti in druge prireditve v letu 2019<\/a><\/li>\n<li><a href=\"https:\/\/www.pgd-loka.si\/?page_id=8389\">Sve\u010danosti in druge prireditve v letu 2018<\/a><\/li>\n<li><a href=\"https:\/\/www.pgd-loka.si\/?page_id=6459\">Sve\u010danosti in druge prireditve v letu 2017<\/a><\/li>\n<li><a href=\"https:\/\/www.pgd-loka.si\/?page_id=6457\">Sve\u010danosti in druge prireditve v letu 2016<\/a><\/li>\n<li><a href=\"https:\/\/www.pgd-loka.si\/?page_id=5680\">Sve\u010danosti in druge prireditve v letu 2015<\/a><\/li>\n<li><a href=\"https:\/\/www.pgd-loka.si\/?page_id=5008\">Sve\u010danosti in druge prireditve v letu 2014<\/a><\/li>\n<li><a href=\"https:\/\/www.pgd-loka.si\/?page_id=4434\">Sve\u010danosti in druge prireditve v letu 2013<\/a><\/li>\n<li><a href=\"https:\/\/www.pgd-loka.si\/?page_id=3409\">Sve\u010danosti in druge prireditve v letu 2012<\/a><\/li>\n<li><a title=\"Sve\u010danosti in druge prireditve v letu 2010\" href=\"index.php?page_id=2283\">Sve\u010danosti in druge prireditve v letu 2011<\/a><\/li>\n<li><a title=\"Sve\u010danosti in druge prireditve v letu 2010\" href=\"index.php?page_id=941\">Sve\u010danosti in druge prireditve v letu 2010<\/a><\/li>\n<li><a title=\"Sve\u010danosti in druge prireditve v letu 2009\" href=\"index.php?page_id=951 \">Sve\u010danosti in druge prireditve v letu 2009<\/a><\/li>\n<li><a title=\"Sve\u010danosti in druge prireditve v letu 2008\" href=\"index.php?page_id=957\">Sve\u010danosti in druge prireditve v letu 2008<\/a><\/li>\n<li><a title=\"Sve\u010danosti in druge prireditve v letu 2007\" href=\"index.php??page_id=971\">Sve\u010danosti in druge prireditve v letu 2007<\/a><\/li>\n<\/ul>\n","protected":false},"excerpt":{"rendered":"<p>Sve\u010danosti in druge prireditve v letu 2024 Sve\u010danosti in druge prireditve v letu 2023 Sve\u010danosti in druge prireditve v letu 2022 Sve\u010danosti in druge prireditve v letu 2021 Sve\u010danosti in druge prireditve v letu 2020 Sve\u010danosti in druge prireditve v &hellip; <a href=\"https:\/\/www.pgd-loka.si\/?page_id=70\">Beri naprej <span class=\"meta-nav\">&rarr;<\/span><\/a><\/p>\n","protected":false},"author":3,"featured_media":0,"parent":0,"menu_order":0,"comment_status":"open","ping_status":"open","template":"","meta":{"footnotes":""},"class_list":["post-70","page","type-page","status-publish","hentry"],"_links":{"self":[{"href":"https:\/\/www.pgd-loka.si\/index.php?rest_route=\/wp\/v2\/pages\/70","targetHints":{"allow":["GET"]}}],"collection":[{"href":"https:\/\/www.pgd-loka.si\/index.php?rest_route=\/wp\/v2\/pages"}],"about":[{"href":"https:\/\/www.pgd-loka.si\/index.php?rest_route=\/wp\/v2\/types\/page"}],"author":[{"embeddable":true,"href":"https:\/\/www.pgd-loka.si\/index.php?rest_route=\/wp\/v2\/users\/3"}],"replies":[{"embeddable":true,"href":"https:\/\/www.pgd-loka.si\/index.php?rest_route=%2Fwp%2Fv2%2Fcomments&post=70"}],"version-history":[{"count":23,"href":"https:\/\/www.pgd-loka.si\/index.php?rest_route=\/wp\/v2\/pages\/70\/revisions"}],"predecessor-version":[{"id":12180,"href":"https:\/\/www.pgd-loka.si\/index.php?rest_route=\/wp\/v2\/pages\/70\/revisions\/12180"}],"wp:attachment":[{"href":"https:\/\/www.pgd-loka.si\/index.php?rest_route=%2Fwp%2Fv2%2Fmedia&parent=70"}],"curies":[{"name":"wp","href":"https:\/\/api.w.org\/{rel}","templated":true}]}}