{"id":62,"date":"2012-03-01T18:53:24","date_gmt":"2012-03-01T18:53:24","guid":{"rendered":"http:\/\/localhost\/PGD%20Loka%204\/?page_id=62"},"modified":"2025-02-05T18:29:22","modified_gmt":"2025-02-05T17:29:22","slug":"usposabljanja","status":"publish","type":"page","link":"https:\/\/www.pgd-loka.si\/?page_id=62","title":{"rendered":"Usposabljanja"},"content":{"rendered":"<p>Prostovoljni gasilec se mora za opravljanje nalog redno izobra\u017eevati, strokovno usposabljati in izpopolnjevati, \u0161iriti splo\u0161no razgledanost in razvijati tista znanja in ve\u0161\u010dine, ki so potrebna za u\u010dinkovito in strokovno opravljanje nalog. S strokovnim pristopom na intervencijah si pove\u010dujemo ugled in zaupanje javnosti.<\/p>\n<p>Operativna organiziranost, strokovna usposobljenost in opremljenost zagotavlja hitre in uspe\u0161ne gasilske intervencije, ne le na podro\u010dju ga\u0161enja in re\u0161evanja v primeru po\u017earov, ampak tudi na \u0161ir\u0161em podro\u010dju varstva pred naravnimi in drugimi nesre\u010dami v ob\u010dini Menge\u0161, pa tudi drugod, \u010de na\u0161o pomo\u010d potrebujejo in je to v na\u0161i mo\u010di.<\/p>\n<p>V PGD Loka se teh dejstev dobro zavedamo, zato tem podro\u010djem dajemo velik poudarek. Na\u010drtno v duhu humanitarnosti vzgajamo mladino iz katere danes izhaja ustrezno normativom kategorizacije usposobljenega ve\u010dina operativnega kadra, ponekod smo te normative tudi presegli. Operativno organiziranost smo dvignili na vi\u0161ji nivo, prav v tem \u010dasu pa zaklju\u010dujemo projekt na podro\u010dju opremljenosti in sicer nabave gasilskega vozila GVC 16\/25 v skladu z na\u010drtom razvoja GZ Menge\u0161 2002-2009. Vse skozi se trudimo, da je operativna pripravljenost na kar najvi\u0161jem nivoju in se odzovemo vsem klicem na pomo\u010d, na obmo\u010dju ob\u010dine Menge\u0161, pa tudi drugod, saj smo v preteklosti sodelovali na ve\u010djih po\u017earih v bli\u017enjih sosednjih ob\u010dinah, na velikem po\u017earu v naravi na Krasu, pri sanaciji ujme v sosednji Italiji in Ptuju,\u00a0ter nenazadnje izdatno na intervenciji in sanaciji v \u017deleznikih<\/p>\n<p>Naloga, ki ostaja prihodnjim gasilskim vodjem bo ureditev statusa prostovoljnega gasilca, ki zakonsko ni ugodno re\u0161en, kot je npr. re\u0161en vidik prostovoljnega sestava SV ali policije. Stopnjuje se raven odgovornosti in nalog, ugodnosti pa je vse manj. Veseli bomo lahko, \u010de bomo v prihodnje \u0161e lahko pridobivali nove kadre med prostovoljne gasilce, ki pa bodo tudi pripravljeni ne samo na delo pa\u010d pa tudi na sprejemanje odgovornosti vodenja gasilske organizacije.<\/p>\n<p>Hvala vsem, ki ste kakor koli pripomogli k dvigu kakovosti dela in izbolj\u0161anju pogojev dela na\u0161e gasilske slu\u017ebe v \u017eelji, da vsaj tako ostane tudi v bodo\u010de.<\/p>\n<ul class=\"povezave\">\n<li><a href=\"https:\/\/www.pgd-loka.si\/index.php?page_id=12162\">Usposabljanja v letu 2024<\/a><\/li>\n<li><a href=\"https:\/\/www.pgd-loka.si\/index.php?page_id=12160\">Usposabljanja v letu 2023<\/a><\/li>\n<li><a href=\"https:\/\/www.pgd-loka.si\/index.php?page_id=12138\">Usposabljanja v letu 2022<\/a><\/li>\n<li><a href=\"https:\/\/www.pgd-loka.si\/index.php?page_id=10255\">Usposabljanja v letu 2021<\/a><\/li>\n<li><a href=\"https:\/\/www.pgd-loka.si\/index.php?page_id=9672\">Usposabljanja v letu 2020<\/a><\/li>\n<li><a href=\"https:\/\/www.pgd-loka.si\/index.php?page_id=9013\">Usposabljanja v letu 2019<\/a><\/li>\n<li><a href=\"https:\/\/www.pgd-loka.si\/index.php?page_id=9011\">Usposabljanja v letu 2018<\/a><\/li>\n<li><a href=\"https:\/\/www.pgd-loka.si\/index.php?page_id=6467\">Usposabljanja v letu 2017<\/a><\/li>\n<li><a href=\"https:\/\/www.pgd-loka.si\/index.php?page_id=6465\">Usposabljanja v letu 2016<\/a><\/li>\n<li><a href=\"https:\/\/www.pgd-loka.si\/index.php?page_id=5675\">Usposabljanja v letu 2015<\/a><\/li>\n<li><a href=\"https:\/\/www.pgd-loka.si\/index.php?page_id=5000\">Usposabljanja v letu 2014<\/a><\/li>\n<li><a href=\"https:\/\/www.pgd-loka.si\/index.php?page_id=4424\">Usposabljanja v letu 2013<\/a><\/li>\n<li><a href=\"https:\/\/www.pgd-loka.si\/index.php?page_id=3391\">Usposabljanja v letu 2012<\/a><\/li>\n<li><a href=\"https:\/\/www.pgd-loka.si\/index.php?page_id=843\">Usposabljanja v letu 2011<\/a><\/li>\n<li><a href=\"https:\/\/www.pgd-loka.si\/index.php?page_id=843\">Usposabljanja v letu 2010<\/a><\/li>\n<li><a href=\"https:\/\/www.pgd-loka.si\/index.php?page_id=859\">Usposabljanja v letu 2009<\/a><\/li>\n<li><a href=\"https:\/\/www.pgd-loka.si\/index.php?page_id=862\">Usposabljanja v letu 2008<\/a><\/li>\n<li><a href=\"https:\/\/www.pgd-loka.si\/index.php?page_id=871\">Usposabljanja v letu 2007<\/a><\/li>\n<\/ul>\n<p>&nbsp;<\/p>\n","protected":false},"excerpt":{"rendered":"<p>Prostovoljni gasilec se mora za opravljanje nalog redno izobra\u017eevati, strokovno usposabljati in izpopolnjevati, \u0161iriti splo\u0161no razgledanost in razvijati tista znanja in ve\u0161\u010dine, ki so potrebna za u\u010dinkovito in strokovno opravljanje nalog. S strokovnim pristopom na intervencijah si pove\u010dujemo ugled in &hellip; <a href=\"https:\/\/www.pgd-loka.si\/?page_id=62\">Beri naprej <span class=\"meta-nav\">&rarr;<\/span><\/a><\/p>\n","protected":false},"author":3,"featured_media":0,"parent":0,"menu_order":0,"comment_status":"open","ping_status":"open","template":"","meta":{"footnotes":""},"class_list":["post-62","page","type-page","status-publish","hentry"],"_links":{"self":[{"href":"https:\/\/www.pgd-loka.si\/index.php?rest_route=\/wp\/v2\/pages\/62","targetHints":{"allow":["GET"]}}],"collection":[{"href":"https:\/\/www.pgd-loka.si\/index.php?rest_route=\/wp\/v2\/pages"}],"about":[{"href":"https:\/\/www.pgd-loka.si\/index.php?rest_route=\/wp\/v2\/types\/page"}],"author":[{"embeddable":true,"href":"https:\/\/www.pgd-loka.si\/index.php?rest_route=\/wp\/v2\/users\/3"}],"replies":[{"embeddable":true,"href":"https:\/\/www.pgd-loka.si\/index.php?rest_route=%2Fwp%2Fv2%2Fcomments&post=62"}],"version-history":[{"count":11,"href":"https:\/\/www.pgd-loka.si\/index.php?rest_route=\/wp\/v2\/pages\/62\/revisions"}],"predecessor-version":[{"id":12164,"href":"https:\/\/www.pgd-loka.si\/index.php?rest_route=\/wp\/v2\/pages\/62\/revisions\/12164"}],"wp:attachment":[{"href":"https:\/\/www.pgd-loka.si\/index.php?rest_route=%2Fwp%2Fv2%2Fmedia&parent=62"}],"curies":[{"name":"wp","href":"https:\/\/api.w.org\/{rel}","templated":true}]}}