{"id":56,"date":"2012-03-01T18:52:39","date_gmt":"2012-03-01T18:52:39","guid":{"rendered":"http:\/\/localhost\/PGD%20Loka%204\/?page_id=56"},"modified":"2018-02-11T21:03:34","modified_gmt":"2018-02-11T20:03:34","slug":"zgodovina-drustva","status":"publish","type":"page","link":"https:\/\/www.pgd-loka.si\/?page_id=56","title":{"rendered":"Zgodovina dru\u0161tva"},"content":{"rendered":"<div style=\"color: #b52d27;\">\n<ul>\n<li style=\"list-style-type: square;\"><a href=\"https:\/\/www.pgd-loka.si\/gallery\/index.php?cat=28\" target=\"_blank\">Zgodovina v slikah (klikni!)<\/a><\/li>\n<li style=\"list-style-type: square;\"><a href=\"index.php?page_id=633\" target=\"_blank\">Dodatne zgodovinske informacije (klikni!)<\/a><\/li>\n<\/ul>\n<\/div>\n<p><a href=\"https:\/\/www.pgd-loka.si\/\/wp-content\/uploads\/2012\/03\/prva_loska_desetina.jpg\" rel=\"lightbox[56]\"><img loading=\"lazy\" decoding=\"async\" class=\"alignleft size-medium wp-image-2052\" title=\"prva_loska_desetina\" src=\"https:\/\/www.pgd-loka.si\/\/wp-content\/uploads\/2012\/03\/prva_loska_desetina-300x225.jpg\" alt=\"\" width=\"300\" height=\"225\" srcset=\"https:\/\/www.pgd-loka.si\/wp-content\/uploads\/2012\/03\/prva_loska_desetina-300x225.jpg 300w, https:\/\/www.pgd-loka.si\/wp-content\/uploads\/2012\/03\/prva_loska_desetina-1024x768.jpg 1024w, https:\/\/www.pgd-loka.si\/wp-content\/uploads\/2012\/03\/prva_loska_desetina-200x150.jpg 200w, https:\/\/www.pgd-loka.si\/wp-content\/uploads\/2012\/03\/prva_loska_desetina-250x187.jpg 250w, https:\/\/www.pgd-loka.si\/wp-content\/uploads\/2012\/03\/prva_loska_desetina.jpg 1200w\" sizes=\"auto, (max-width: 300px) 100vw, 300px\" \/><\/a>Prostovoljno gasilsko dru\u0161tvo Loka pri Meng\u0161u je bilo <strong>ustanovljeno\u00a0leta 1933<\/strong> zaradi pogostih po\u017earov na stanovanjskih hi\u0161ah in gospodarskih   poslopjih. V tedanjih \u010dasih je bila ve\u010dina streh krita s slamo, zato je   bila ustanovitev dru\u0161tva nujna. <strong>V\u00a0aprilu leta 1933 je bil ustanovljen pripravljalni odbor<\/strong>,   ki je \u017ee takoj na za\u010detku pri\u010del zbirati denar za nabavo   najpomembnej\u0161ega orodja gasilcev, to je motorne brizgalne. Kupili so   priznano brizgalno znamke Rosenbauer, katero so s slovesnim blagoslovom   izro\u010dili svojemu namenu v nedeljo 13. avgusta 1933.<br \/>\n<strong>Ustanovni ob\u010dni zbor dru\u0161tva<\/strong>, katero je \u0161telo nad 50 rednih in podpornih \u010dlanov, <strong>je bil 4. avgusta 1933<\/strong>, v prostorih gostilni\u010darja in \u010dlana dru\u0161tva Mihe Habjana-Slamnikarja.<br \/>\nKer   je bil ves zbrani denar porabljen za nabavo brizgalne in potrebnega   orodja, kar nekaj \u010dasa niso mogli misliti na zidavo gasilskega doma.   Motorno brizgalno in orodje so hranili po raznih hi\u0161ah \u010dlanov dru\u0161tva.   Za prevoz na vaje in po\u017eare so uporabljali voz s konjsko vprego.<\/p>\n<p>Ko   so bili dolgovi za nakup motorne brizgalne in orodja popla\u010dani, so se   za\u010deli pripravljati na gradnjo doma. Najprej so kupili primerno   zemlji\u0161\u010de, nato pa je druga svetovna vojna za dlje \u010dasa odlo\u017eila za\u010detek   gradnje. Tako so v letu 1949 ponovno stekle priprave za gradnjo   gasilskega doma. <strong>Ob prizadevnosti \u010dlanov in va\u0161\u010danov je bil dom ob 20-letnici dru\u0161tva zgrajen in 16. avgusta 1953 slovesno izro\u010den v uporabo.<\/strong><br \/>\nV   novem domu, ki je stal na sredini vasi, se je vedno ve\u010d mladih zbiralo   na vajah za dramske uprizoritve, vaje z gasilskim orodjem in tudi raznih   sestankih va\u0161\u010danov, saj je bil to edini skupni prostor v vasi.<\/p>\n<p>Po dograditvi doma so se zopet pokazale potrebe po nabavi dolo\u010dene opreme, najprej je bil na vrsti <strong>voz za prevoz gasilskega orodja in mo\u0161tva<\/strong>. Ta je bil predan v uporabo v naslednjem letu, maja 1954.<\/p>\n<p>Ker je bila motorna brizgalna kar pogosto v uporabi, ni pa bila ve\u010d zanesljiva, je bilo potrebno razmisliti o nabavi nove. V letu 1962 je bila nabavljena motorna brizgalna Sora, ter zanjo izdelana posebna prikolica za prevoz, skupaj s pripadajo\u010dim orodjem. Oboje je bilo v juniju tudi dano v uporabo. V letu 1963, ob 30-letnici dru\u0161tva, so \u010dlani pripravili slovesnost z razvitjem prvega dru\u0161tvenega prapora.<\/p>\n<p><strong>V letu 1965 so \u010dlani sklenili, da bodo kupili rabljen kombi DKW<\/strong>,   ki bo slu\u017eil za prevoz mo\u0161tva in vleko prikolice z orodjem. Napredek   tehnike je bil v tistih letih nezadr\u017een, zato je bilo zopet odlo\u010deno o   nabavi nove motorne brizgalne, ponovno tipa Rosenbauer. <strong>Ta je bila dana v uporabo v letu 1971.<\/strong><\/p>\n<p>Prostori v gasilskem domu so postali pretesni za hrambo vozila, voza, potrebne opreme in orodja, zato se je v letu 1974 za\u010dela gradnja nove orodjarne s pripadajo\u010dimi prostori na zahodni strani gasilskega doma. Glede na starost kombija so se \u010dlani odlo\u010dili in v letu 1971 kupili nov kombi IMV Turist 1300 B.   Orodjarna je bila dokon\u010dana v letu 1978 in izro\u010dena v uporabo. Takoj   zatem pa je bila na vrsti adaptacija gasilskega doma. Star lesen strop   je bil zamenjan z betonsko plo\u0161\u010do. Tako je bila posodobljena gara\u017ea v   pritli\u010dju in urejena sejna soba v prvem nadstropju.<br \/>\nPonovno je pri\u0161la vrsta na nabavo novega, tokrat orodnega vozila. <strong>V letu 1983 je nabavljen TAM 75 T5<\/strong> in naslednje leto z vso opremo predan v uporabo.<\/p>\n<p><strong>Ob 60-letnici dru\u0161tva je bila v letu 1993 slovesnost ob razvitju novega prapora.<\/strong> \u0160e posebej pa je bil ta jubilej obele\u017een z izvrstnim nastopom na\u0161e   \u017eenske ekipe na X. Gasilski olimpiadi v Berlinu. V okviru dr\u017eavne   reprezentance so\u00a0 dekleta ponesla ime na\u0161e vasi in dru\u0161tva v daljni   svet. Bila so odli\u010dna in se vrnila z zlato medaljo.<\/p>\n<p>Zaradi dotrajanosti je bilo vozilo IMV v letu 1995 prodano. <strong>V\u00a0 letu 1998 je bila izpolnjena ve\u010dletna \u017eelja in potreba po nabavi novega vozila Mitsubishi L &#8211; 200,<\/strong> ki ima na sebi samostojno gasilno visokotla\u010dno napravo s 450 litri vode   tipa Zebra ter ostalo opremo, kot vozilo GVGP-1. To vozilo, skupaj z   vso opremo, je bilo v avgustu slovesno predano v uporabo. Ker se je   pokazala potreba po vozilu za prevoz mo\u0161tva <strong>je bilo v letu 1999 kupljeno rabljeno vozilo Renault Traffic<\/strong> in sicer pri dru\u017ebi Aerodrom Brnik. To vozilo je z rednim vzdr\u017eevanjem   in manj\u0161imi popravili vzdr\u017ealo v uporabi do jeseni 2007. <strong>Nadomestili smo ga z Renaultom Master<\/strong>, ki smo ga rabljenega, a dobro ohranjenega, prejeli\u00a0 prav tako od dru\u017ebe Aerodrom d.d., Brnik, poleti 2007.<\/p>\n<p>Ker   je v letu 2005 PGD Menge\u0161 realiziralo nabavo novega vozila GVC 24\/50,   smo se dogovorili, da staro vozilo GVC 24\/50 &#8211; TAM 130 T 10 B (letnik   1982) odstopijo nam. Tako je bila v novembru izvedena predaja vozila.   Vozilo je bilo sicer starej\u0161e, a dokaj dobro ohranjeno in tehni\u010dno   brezhibno. Konec leta 2007 smo iz uporabe izlo\u010dili orodno vozilo TAM 75   T5 in ga odprodali. Razlog je bil ta, da je bilo \u017ee v jeseni leta 2007   nabavljeno rabljeno vozilo Mercedes Atego 1328 AF 4&#215;4, letnik 2001, ki   bo zamenjalo staro vozilo GVC 24\/50, katero je zaradi tega \u0161lo \u017ee v   odprodajo. Vozilo Mercedes Atego je bilo kupljeno iz \u0160panije (poklicni   gasilci Madrid) preko dru\u017ebe Elektro Turn\u0161ek d.o.o. iz Celja. Vozilo je   do\u017eivelo popolno prenovo in opremljanje z novo opremo na \u017ee obstoje\u010di   nadgradnji Rosenbauer. Ob zelo veliki prizadevnosti poveljnika, bo to   vozilo dano v uporabo kot gasilsko vozilo s cisterno GVC 16\/25 v letu   2008. Tako bo hkrati tudi izpolnjen na\u010drt Ob\u010dine Menge\u0161 o opremljanju z   gasilskimi vozili za obdobje 2002 do 2009.<\/p>\n<p><strong>V vasi je bilo v   letu 1994 tudi ustanovljeno Kulturno dru\u0161tvo Antona Lobode. Dejavnost   tega dru\u0161tva se prav tako odvijala v prostorih gasilskega doma, ki je   tako po\u010dasi postajal pretesen.<\/strong> Tako so bila prizadevanja obeh   dru\u0161tev \u017ee nekaj let usmerjena v pripravo na\u010drtov za nov objekt, ki\u00a0 naj   bi nudil dovolj prostora za delo obeh dru\u0161tev in tudi ostale potrebe   va\u0161\u010danov. Seveda je bilo te\u017eko priti do neke take zamisli stavbe, ki bi   nudila ustrezno prostorsko razporeditev, kot nenazadnje tudi, kje tako   stavbo postaviti. Po tehtanju zamisli in lokacij (na\u0161e zemlji\u0161\u010de, kako   drugo zemlji\u0161\u010de v vasi z ustrezno zamenjavo, \u0161portni park kot del   va\u0161kega zbirali\u0161\u010da, itd.) je nazadnje bila sprejeta odlo\u010ditev, da bomo   dom gradili na na\u0161em zemlji\u0161\u010du.<\/p>\n<p>Tako je bil v letu 2005 pripravljen   osnutek in idejni projekt, ki se je v letu 2006 dopolnil v projekt PGD.   Ko je bila na\u0161a pobuda podprta s strani Ob\u010dine Menge\u0161 in konkretizirana s   prora\u010dunsko postavko za leti 2006 in 2007 smo \u0161li v pridobitev   gradbenega dovoljenja. Tega smo prejeli konec pomladi 2006. Tako se je   gradnja v juniju tudi za\u010dela. Najprej smo v lastni re\u017eiji podrli stari   gasilski dom in konec poletja je dru\u017eba \u017durbi Team d.o.o. iz Kamnika   pri\u010dela z gradbenimi deli. Gradnja objekta je do konca decembra \u017ee tako   mo\u010dno napredovala, tako da smo vanj lahko namestili opremo in vozila, ki   so tako na toplem prebila zimo, ki na sre\u010do ni bila posebej ostra. Tudi   ob\u010dni zbor v 2007 smo \u017ee lahko izpeljali v novih prostorih in sicer v   gara\u017ei. Dela pri gradnji so se nadaljevala skozi celo leto 2007. V teh   zadnjih zimskih dneh 2007\/2008 dom dobiva tudi obleko, torej je v delu   fasada. Notranjost je tudi v veliki meri \u017ee obdelana, tako, da smo   1.3.2008 \u017ee izpeljali ob\u010dni zbor v novi dvorani v nadstropju   gasilsko-kulturnega doma. Ob gradnji je tudi potekala akcija zbiranja   finan\u010dnih sredstev med ob\u010dani Loke pri Meng\u0161u in Dobena, katero smo   poimenovali: \u00bbZlati, srebrni oz. bronasti zidak za gasilski dom Loka   2006\u00ab. Va\u0161\u010dani so to pobudo zelo lepo sprejeli. Na za\u010detku leta 2008 je   bilo stanje slede\u010de: 72 zlatih, 42 srebrnih in 78 bronastih zidakov.   Seveda je tudi Ob\u010dina Menge\u0161 dr\u017eala besedo in nakazala finan\u010dna   sredstva, ki so bila predvidena v prora\u010dunu. Ob tem pa je bilo   opravljenih tudi zelo veliko prostovoljnih ur pri razli\u010dnih delih.   Seveda se \u017ee veselimo dne, ko bomo obe leto\u0161nji pridobitvi gasilski dom   in GVC 16\/25 slovesno izro\u010dili svojemu namenu.<\/p>\n<p>Ob vsem tem t.i.   gospodarskem podro\u010dju delovanja dru\u0161tva pa je seveda potrebno omeniti   tudi nenehno rast dru\u0161tva v smislu operativne pripravljenosti in   izobra\u017eevanja operativnih \u010dlanov. Tako se na\u0161i \u010dlani nenehno udele\u017eujejo   razli\u010dnih te\u010dajev in izobra\u017eevanj v okviru GZ Menge\u0161 in GZ Slovenije.   Na teh izobra\u017eevanjih si pridobijo nova znanja iz razli\u010dnih podro\u010dij, ki   so zelo pomembna za resni\u010dno pravilen pristop v re\u0161evalnih akcijah.   Tudi osnovna za\u0161\u010ditna oprema operativnih gasilcev in ostala oprema ter   orodje sta nenehna skrb operativnega vodstva dru\u0161tva. Z razvojem novih   postopkov ga\u0161enja in re\u0161evanja se mora le-ta stalno dopolnjevati in   vzdr\u017eevati v brezhibnem stanju.<\/p>\n<p><strong>Na\u0161e dru\u0161tvo je \u017ee od leta 1988 organizator meddru\u0161tvenega gasilskega tekmovanja \u017eenskih in mo\u0161kih ekip za Pokal Loke.<\/strong> Zadnjo soboto v juniju, se\u00a0 \u017ee po tradiciji zbere v Loki ve\u010dje \u0161tevilo   desetin iz cele Slovenije, ki se pomerijo v gasilskih ve\u0161\u010dinah in se   potem po razglasitvi rezultatov tudi sre\u010dajo in pogovorijo na vrtni   veselici. Od leta 1999 pa se isto\u010dasno izvede tudi ob\u010dinsko tekmovanje   \u010dlanskih ekip GZ Menge\u0161.<br \/>\nV letu 2002 je bilo v oktobru, v okviru   \u00bbmeseca varnosti pred po\u017earom\u00ab, med drugimi aktivnostmi, prvi\u010d izpeljano   sre\u010danje oz. tekmovanje gasilskih dvojic. To je vaja na t.i. gasilskem   poligonu. Je precej zahtevna vaja in je primerna za strokovno   usposobljene in fizi\u010dno dobro pripravljene operativne \u010dlane PGD. Ta   tekmovanja so potekala do vklju\u010dno leta 2005. V zadnjih dveh letih jih   nismo priredili, ker so bili \u010dlani preve\u010d zaposleni z deli pri gradnji   gasilsko-kulturnega doma.<\/p>\n<p>Okoli dvajset let na\u0161e dru\u0161tvo ob koncu   leta pripravi stenski koledar z slikami iz doma\u010dega kraja ter vo\u0161\u010dilom.   Prihodki od raznosa koledarjev po vasi in Dobenu so kar pomemben vir   financiranja dru\u0161tvene dejavnosti.<\/p>\n<p>Zgodovinski pregled sta pripravila Peter Kru\u0161nik in Miro Urbanc, v decembru 2000.<br \/>\nZ novej\u0161imi podatki\u00a0ga je dopolni tajnik Miro Urbanc v letu 2008.<\/p>\n<p><a href=\"index.php?page_id=633\" target=\"_self\"><strong>Za dodatne zgodovinske informacije kliknite tukaj<\/strong><\/a><\/p>\n","protected":false},"excerpt":{"rendered":"<p>Zgodovina v slikah (klikni!) Dodatne zgodovinske informacije (klikni!) Prostovoljno gasilsko dru\u0161tvo Loka pri Meng\u0161u je bilo ustanovljeno\u00a0leta 1933 zaradi pogostih po\u017earov na stanovanjskih hi\u0161ah in gospodarskih poslopjih. V tedanjih \u010dasih je bila ve\u010dina streh krita s slamo, zato je bila &hellip; <a href=\"https:\/\/www.pgd-loka.si\/?page_id=56\">Beri naprej <span class=\"meta-nav\">&rarr;<\/span><\/a><\/p>\n","protected":false},"author":3,"featured_media":0,"parent":0,"menu_order":0,"comment_status":"open","ping_status":"open","template":"","meta":{"footnotes":""},"class_list":["post-56","page","type-page","status-publish","hentry"],"_links":{"self":[{"href":"https:\/\/www.pgd-loka.si\/index.php?rest_route=\/wp\/v2\/pages\/56","targetHints":{"allow":["GET"]}}],"collection":[{"href":"https:\/\/www.pgd-loka.si\/index.php?rest_route=\/wp\/v2\/pages"}],"about":[{"href":"https:\/\/www.pgd-loka.si\/index.php?rest_route=\/wp\/v2\/types\/page"}],"author":[{"embeddable":true,"href":"https:\/\/www.pgd-loka.si\/index.php?rest_route=\/wp\/v2\/users\/3"}],"replies":[{"embeddable":true,"href":"https:\/\/www.pgd-loka.si\/index.php?rest_route=%2Fwp%2Fv2%2Fcomments&post=56"}],"version-history":[{"count":17,"href":"https:\/\/www.pgd-loka.si\/index.php?rest_route=\/wp\/v2\/pages\/56\/revisions"}],"predecessor-version":[{"id":7422,"href":"https:\/\/www.pgd-loka.si\/index.php?rest_route=\/wp\/v2\/pages\/56\/revisions\/7422"}],"wp:attachment":[{"href":"https:\/\/www.pgd-loka.si\/index.php?rest_route=%2Fwp%2Fv2%2Fmedia&parent=56"}],"curies":[{"name":"wp","href":"https:\/\/api.w.org\/{rel}","templated":true}]}}