{"id":5008,"date":"2015-01-26T18:36:43","date_gmt":"2015-01-26T17:36:43","guid":{"rendered":"https:\/\/www.pgd-loka.si\/?page_id=5008"},"modified":"2015-05-24T13:19:08","modified_gmt":"2015-05-24T11:19:08","slug":"svecanosti-in-druge-prireditve-v-letu-2014","status":"publish","type":"page","link":"https:\/\/www.pgd-loka.si\/?page_id=5008","title":{"rendered":"Sve\u010danosti in druge prireditve v letu 2014"},"content":{"rendered":"<p><strong>AKTIVNOSTI V OKTOBRU \u00bbMesecu varstva pred po\u017eari\u00ab.<\/strong><\/p>\n<p>V oktobru, mesecu varstva pred po\u017eari, smo sodelovali na otro\u0161ki prireditvi \u017div \u017dav v Osnovni \u0161oli Menge\u0161. Izvedli smo elementarne vaje za na\u0161e operativne \u010dlane, se udele\u017eili treh gasilsko re\u0161evalnih vaj dru\u0161tev PGD Trzin, PGD Menge\u0161 in PIGD Lek. Na 3. Kolesarski dirki za pokal ob\u010dine Menge\u0161 smo nudili pomo\u010d pri redarski slu\u017ebi ter pregledali hidrante na obmo\u010dju Dobena, Jabelj in Loke.<\/p>\n<p>V doma\u010di cerkvi Sv. Primo\u017ea in Felicijana smo v soboto, 11.10.2014, pripravili sveto ma\u0161o za pokojne gasilce iz menge\u0161ke \u017eupnije, ki jo je daroval duhovni pomo\u010dnik v Meng\u0161u Anton \u0160trukelj in katere so se poleg nas udele\u017eili \u0161e gasilci iz Meng\u0161a, Topol, Trzina, Leka in Jar\u0161 ter svojci in znanci pokojnih. Ob tej priliki bi se zahvalil pevski skupini R\u017e za petje pri ma\u0161i ter lo\u0161kim gospodinjam za vse nape\u010dene dobrote.<\/p>\n<p>Ob koncu meseca oktobra smo sodelovali tudi pri komemoraciji v Loki ob dnevu spomina na mrtve, ki so umrli v vojni.<\/p>\n<table border=\"1\">\n<tbody>\n<tr>\n<td width=\"99\"><strong>DATUM<\/strong><\/td>\n<td width=\"482\"><strong>VRSTA AKTIVNOSTI<\/strong><\/td>\n<\/tr>\n<tr>\n<td width=\"99\">05.10.2014<\/td>\n<td width=\"482\">Redarska slu\u017eba \u2013 kolesarska dirka v Meng\u0161u<\/td>\n<\/tr>\n<tr>\n<td width=\"99\">09.10.2014<\/td>\n<td width=\"482\">\u017div \u017dav pri O\u0160 Menge\u0161<\/td>\n<\/tr>\n<tr>\n<td width=\"99\">10.10.2014<\/td>\n<td width=\"482\">Gasilsko re\u0161evalna vaja Trzin 2014<\/td>\n<\/tr>\n<tr>\n<td width=\"99\">11.10.2014<\/td>\n<td width=\"482\">Gasilska ma\u0161a v Loki<\/td>\n<\/tr>\n<tr>\n<td width=\"99\">18.10.2014<\/td>\n<td width=\"482\">Pregled hidrantov po Loki, v Jabljah in na Dobenu<\/td>\n<\/tr>\n<tr>\n<td width=\"99\">31.10.2014<\/td>\n<td width=\"482\">Komemoracija pri kamnitem mostu v Loki<\/td>\n<\/tr>\n<tr>\n<td width=\"99\">04.11.2014<\/td>\n<td width=\"482\">Operativne vaje<\/td>\n<\/tr>\n<tr>\n<td width=\"99\">12.11.2014<\/td>\n<td width=\"482\">Gasilsko re\u0161evalna vaja Lek 2014<\/td>\n<\/tr>\n<tr>\n<td width=\"99\">04.12.2014<\/td>\n<td width=\"482\">Gasilsko re\u0161evalna vaja Klemen transport 2014<\/td>\n<\/tr>\n<\/tbody>\n<\/table>\n<p>&nbsp;<\/p>\n<p><strong>OSTALE AKTIVNOSTI<\/strong><\/p>\n<p>Med ostalimi aktivnostmi prevladuje delo z mladimi, udele\u017eili smo se vseh ob\u010dnih zborov lo\u0161kih dru\u0161tev in sosednjih gasilskih dru\u0161tev, na sedmih (7) prireditvah smo nudili redarsko pomo\u010d, organizirali nekaj \u010distilnih akcij predvsem v gasilskem domu in okolici &#8211; \u0161e posebej zahvala \u010dlanicam, ki vsako leto temeljito o\u010distijo gasilski dom (okna, vrata, tla, itd), postavljali prvomajski mlaj v Meng\u0161u, katerega smo letos prispevali lo\u0161ki gasilci, odzvali smo se na povabila okroglih slovesnostih na\u0161ih \u010dlanov (80 let Franca Hrena, 80 let Jo\u017eeta Okorna) ter okroglih jubilejev okoli\u0161kih gasilskih dru\u0161tev (120 let in odprtje novega gas. doma PGD Komenda, 60 let PGD Kri\u017e, 50 let PGD Jar\u0161e-Rodica, 130 let Menge\u0161ke godbe).<\/p>\n<p>Starej\u0161i gasilci in gasilke so pomagali pri \u010distilnih akcijah, pri podiranju in postavljanju mlaja, pomo\u010d pri izvedbi tradicionalnega tekmovanja za pokal Loke. Prav lepo pa se jim zahvaljujem za vso udele\u017ebo na tekmovalnem podro\u010dju in da se v lepem \u0161tevilu udele\u017eujejo raznih prireditev v gasilski uniformi.<\/p>\n<p>Prisotni smo bili na Florjanovi ma\u0161i v Trzinu in gasilski ma\u0161i v Meng\u0161u in Loki, starej\u0161i gasilci pa so se udele\u017eili sre\u010danj na nivoju GZ Menge\u0161 in regije Ljubljana III, mladina pa je letos letovala na morju na Krku.<\/p>\n<p>V mesecu maju pa je bila slavnostna seja ob ob\u010dinskem prazniku ob\u010dine Menge\u0161 obarvana povsem v lo\u0161ke barve, saj je zlato ob\u010dinsko priznanje prejelo na\u0161e gasilsko dru\u0161tvo, srebrno ob\u010dinsko priznanje je prejela \u010dlanica Marjana Brojan, ob\u010dinsko priznanje-znak ob\u010dine Menge\u0161 pa je \u017eupan podelil uredni\u0161kemu odboru zbornika Loka pri Meng\u0161u v objemu \u010dasa, ki je iz\u0161el ob 80-letnici dru\u0161tva (Nata\u0161i Vrhovnik Jeri\u010d, Petru Kru\u0161niku, Jo\u017eetu Brojanu, Miru Urbancu in Robertu Ru\u010digaju) ter \u010dlanici Nata\u0161i Vrhovnik Jeri\u010d. Da je bil ve\u010der popoln je naziv \u010dastni ob\u010dan Ob\u010dine Menge\u0161 na pobudo gasilcev in kulturnikov iz Loke prejel na\u0161 \u010dastni \u010dlan Peter Kru\u0161nik. Vsem dobitnikom \u0161e enkrat iskrene \u010destitke.<\/p>\n","protected":false},"excerpt":{"rendered":"<p>AKTIVNOSTI V OKTOBRU \u00bbMesecu varstva pred po\u017eari\u00ab. V oktobru, mesecu varstva pred po\u017eari, smo sodelovali na otro\u0161ki prireditvi \u017div \u017dav v Osnovni \u0161oli Menge\u0161. Izvedli smo elementarne vaje za na\u0161e operativne \u010dlane, se udele\u017eili treh gasilsko re\u0161evalnih vaj dru\u0161tev PGD &hellip; <a href=\"https:\/\/www.pgd-loka.si\/?page_id=5008\">Beri naprej <span class=\"meta-nav\">&rarr;<\/span><\/a><\/p>\n","protected":false},"author":3,"featured_media":0,"parent":0,"menu_order":0,"comment_status":"closed","ping_status":"closed","template":"","meta":{"footnotes":""},"class_list":["post-5008","page","type-page","status-publish","hentry"],"_links":{"self":[{"href":"https:\/\/www.pgd-loka.si\/index.php?rest_route=\/wp\/v2\/pages\/5008","targetHints":{"allow":["GET"]}}],"collection":[{"href":"https:\/\/www.pgd-loka.si\/index.php?rest_route=\/wp\/v2\/pages"}],"about":[{"href":"https:\/\/www.pgd-loka.si\/index.php?rest_route=\/wp\/v2\/types\/page"}],"author":[{"embeddable":true,"href":"https:\/\/www.pgd-loka.si\/index.php?rest_route=\/wp\/v2\/users\/3"}],"replies":[{"embeddable":true,"href":"https:\/\/www.pgd-loka.si\/index.php?rest_route=%2Fwp%2Fv2%2Fcomments&post=5008"}],"version-history":[{"count":5,"href":"https:\/\/www.pgd-loka.si\/index.php?rest_route=\/wp\/v2\/pages\/5008\/revisions"}],"predecessor-version":[{"id":5207,"href":"https:\/\/www.pgd-loka.si\/index.php?rest_route=\/wp\/v2\/pages\/5008\/revisions\/5207"}],"wp:attachment":[{"href":"https:\/\/www.pgd-loka.si\/index.php?rest_route=%2Fwp%2Fv2%2Fmedia&parent=5008"}],"curies":[{"name":"wp","href":"https:\/\/api.w.org\/{rel}","templated":true}]}}