{"id":4434,"date":"2014-01-10T12:27:55","date_gmt":"2014-01-10T11:27:55","guid":{"rendered":"http:\/\/www.pgd-loka.si\/?page_id=4434"},"modified":"2014-02-26T16:17:24","modified_gmt":"2014-02-26T15:17:24","slug":"svecanosti-in-druge-prireditve-v-letu-2013","status":"publish","type":"page","link":"https:\/\/www.pgd-loka.si\/?page_id=4434","title":{"rendered":"Sve\u010danosti in druge prireditve v letu 2013"},"content":{"rendered":"<p>Tudi v letu 2013 smo se lotili organizacije nekaterih \u017ee tradicionalnih prireditev in aktivnosti.<\/p>\n<p><strong>AKTIVNOSTI V OKTOBRU \u00bbMesecu varstva pred po\u017eari\u00ab.<\/strong><\/p>\n<p>V oktobru, mesecu varstva pred po\u017eari, smo sodelovali na otro\u0161ki prireditvi \u017div \u017dav v Osnovni \u0161oli Menge\u0161. Organizirali smo gasilsko-re\u0161evalno vajo za na\u0161e operativne \u010dlane, se udele\u017eili dveh gasilsko re\u0161evalnih vaj dru\u0161tev PGD Menge\u0161 in PIGD Lek. Na 2. Kolesarski dirki za pokal ob\u010dine Menge\u0161 smo nudili pomo\u010d pri redarski slu\u017ebi.<\/p>\n<p>V doma\u010di cerkvi Sv. Primo\u017ea in Felicijana smo v soboto, 26.10.2013, pripravili sveto ma\u0161o za pokojne gasilce iz menge\u0161ke \u017eupnije, ki jo je daroval duhovni pomo\u010dnik \u0160tefan Babi\u010d in katere so se poleg nas udele\u017eili \u0161e gasilci iz Meng\u0161a, Topol, Trzina in Jar\u0161 ter svojci in znanci pokojnih. Ob tej priliki bi se zahvalil pevski skupini R\u017e za petje pri ma\u0161i ter lo\u0161kim gospodinjam za vse nape\u010dene dobrote.<\/p>\n<p>Ob koncu meseca oktobra smo sodelovali tudi pri sve\u010danosti ob dnevu spomina na mrtve, ki so umrli v vojni.<\/p>\n<div align=\"center\">\n<table border=\"1\" cellspacing=\"0\" cellpadding=\"0\">\n<tbody>\n<tr>\n<td valign=\"top\" width=\"99\"><b>DATUM<\/b><\/td>\n<td valign=\"top\" width=\"390\"><b>VRSTA AKTIVNOSTI<\/b><\/td>\n<\/tr>\n<tr>\n<td valign=\"top\" width=\"99\">03.10.2013<\/td>\n<td valign=\"top\" width=\"390\">\u017div \u017dav pri O\u0160 Menge\u0161<\/td>\n<\/tr>\n<tr>\n<td valign=\"top\" width=\"99\">05.10.2013<\/td>\n<td valign=\"top\" width=\"390\">Pregled hidrantov po Loki, v Jablah in na Dobenu<\/td>\n<\/tr>\n<tr>\n<td valign=\"top\" width=\"99\">06.10.2013<\/td>\n<td valign=\"top\" width=\"390\">Redarska slu\u017eba \u2013 kolesarska dirka v Meng\u0161u<\/td>\n<\/tr>\n<tr>\n<td valign=\"top\" width=\"99\">17.10. \u2013 19.10.2013<\/td>\n<td valign=\"top\" width=\"390\">Izobra\u017eevanje na Igu<\/td>\n<\/tr>\n<tr>\n<td valign=\"top\" width=\"99\">21.10.2013<\/td>\n<td valign=\"top\" width=\"390\">Intervencija (pomo\u010d re\u0161evalcem-reanimacija) \u2013 PGD Loka<\/td>\n<\/tr>\n<tr>\n<td valign=\"top\" width=\"99\">21.10.2013<\/td>\n<td valign=\"top\" width=\"390\">Intervencija (pomo\u010d re\u0161evalcem)\u2013 PGD Loka<\/td>\n<\/tr>\n<tr>\n<td valign=\"top\" width=\"99\">23.10.2013<\/td>\n<td valign=\"top\" width=\"390\">Operativne vaje \u2013 PGD Loka<\/td>\n<\/tr>\n<tr>\n<td valign=\"top\" width=\"99\">26.10.2013<\/td>\n<td valign=\"top\" width=\"390\">Gasilska ma\u0161a v Loki<\/td>\n<\/tr>\n<tr>\n<td valign=\"top\" width=\"99\">28.10.2013<\/td>\n<td valign=\"top\" width=\"390\">Intervencija (Grajska cesta 3) \u2013 PGD Loka<\/td>\n<\/tr>\n<tr>\n<td valign=\"top\" width=\"99\">31.10.2012<\/td>\n<td valign=\"top\" width=\"390\">Komemoracija pri kamnitem mostu v Loki<\/td>\n<\/tr>\n<tr>\n<td valign=\"top\" width=\"99\">14.11.2013<\/td>\n<td valign=\"top\" width=\"390\">Gasilsko re\u0161evalna vaja Lek 2013<\/td>\n<\/tr>\n<tr>\n<td valign=\"top\" width=\"99\">22.11.2013<\/td>\n<td valign=\"top\" width=\"390\">Gasilsko re\u0161evalna vaja Elektron\u010dek Menge\u0161 2013<\/td>\n<\/tr>\n<\/tbody>\n<\/table>\n<\/div>\n<p><strong><br \/>\nOSTALE AKTIVNOSTI<\/strong><\/p>\n<p>Med ostalimi aktivnostmi prevladuje delo z mladimi, na treh (3) prireditvah smo nudili redarsko pomo\u010d, organizirali nekaj \u010distilnih akcij, predvsem v gasilskem domu in okolici, postavljali prvomajski mlaj v Meng\u0161u, odzvali smo se na povabila okroglih slovesnostih na\u0161ih \u010dlanov (50 let Darinke Petri\u010d, 60 let Vide Strajnar) ter okroglih jubilejev okoli\u0161kih gasilskih dru\u0161tev (prevzem vozila PGD Studenec, 110 let PGD Vodice, odprtje gas. doma PGD Stob-Depala vas, prevzem prapora in vozila PIGD Lek, 125 let PGD Lukovica, 65 let PGD Topole).<br \/>\nStarej\u0161i gasilci so pomagali pri \u010distilnih akcijah, pri postavljanju mlajev, postavljanju in podiranju prireditvenega prostora tradicionalnega tekmovanja za pokal Loke, ob praznovanju 80 let dru\u0161tva in drugih opravilih pri domu ter se vestno udele\u017eujejo vseh slovesnosti- za kar se jim prav lepo zahvaljujem.<br \/>\nPrisotni smo bili na Florjanovi ma\u0161i v Trzinu in gasilski ma\u0161i v Meng\u0161u in Loki, starej\u0161i gasilci pa so se udele\u017eili sre\u010danj na nivoju GZ Menge\u0161 in regije Ljubljana III.<br \/>\nV letu 2013 tudi na zabavo otrok nismo pozabili in smo avgusta sodelovali na vodnih igrah na Oratoriju 2013 v Meng\u0161u in na\u0161o gasilsko mladino v okviru GZ Menge\u0161 peljali na tabor mladine na Roglo.<br \/>\nV letu 2013 sta se poro\u010dila dva (2) na\u0161a \u010dlana (Peter Frantar in Sebastjan Juhant).<br \/>\nV lanskem letu smo praznovali 80-letnico dru\u0161tva in bi se na tem mestu rad zahvalil za vso pomo\u010d pri organizacijski pripravi prireditve vsem \u010dlanom, ki so kakorkoli pripomogli k uspe\u0161ni izvedbi slavja. Priprave so potekale skozi celo leto, saj smo v spomladanskih dneh kupili vozilo GVM-1 Fiat Ducato in ga predali v predelavo podjetju Premier Adria v Ljubljani. V za\u010detku avgusta so se pri\u010dele priprave na prireditev z raznosi plakatov. Zadnji petek v avgustu pa smo na \u0161portni plo\u0161\u010dadi postavili prireditveni \u0161otor, oder, mize, klopi, v gasilskem domu pa se je pripravljala scena za slavnostni ob\u010dni zbor, ki je potekal v ve\u010dernih urah. V soboto je po lo\u0161kih ulicah potekala gasilska povorka in se nadaljevala pod \u0161otorom z blagoslovom in prevzemom novega vozila ter z veselico, kjer nas je zabaval ansambel Sa\u0161a Avsenika. Naslednje jutro pa smo zopet zavihali rokave in pospravili prireditveni prostor ter si oddahnili po uspe\u0161nem in veselem praznovanju, saj je bil za nami res naporen vikend. Naj ob tej priliki \u0161e malo povem o \u0161tevil\u010dni prisotnosti gasilcev \u010dez vikend.<br \/>\nV petek je pri pripravi za praznovanje sodelovalo cca. 40 \u010dlanov in s peko peciva kar lepo \u0161tevilo lo\u0161kih gospodinj. V soboto je bilo v povorki iz doma\u010dega dru\u0161tva prisotnih 54 \u010dlanov iz mladinskih vrst in uniformiranih gasilcev ter cca. 50 gasilcev iz 15-ih drugih gasilskih dru\u0161tev. V nedeljo pri pospravljanju prireditvenega prostora pa je sodelovalo cca. 35 \u010dlanov.<br \/>\nVsem \u010dlanom bi se \u0161e enkrat lepo zahvalil za vso pomo\u010d, hvala pa tudi gasilcem iz Topol za izvajanje redarske slu\u017ebe med povorko in na prireditvenem prostoru v \u0161portnem parku Loka.<br \/>\nV zadnjih dneh decembra je v prostorih kulturnega doma Menge\u0161 potekal bo\u017ei\u010dno-novoletni koncert Menge\u0161ke godbe v okviru katerega Turisti\u010dno dru\u0161tvo Menge\u0161 podeljuje turisti\u010dna priznanja. Letos smo bili med prejemniki tudi gasilci PGD Loka pri Meng\u0161u, ki smo priznanje prejeli za 80-letnico delovanja dru\u0161tva, urejen gasilski dom in uspe\u0161no delo z mladimi gasilci.<\/p>\n","protected":false},"excerpt":{"rendered":"<p>Tudi v letu 2013 smo se lotili organizacije nekaterih \u017ee tradicionalnih prireditev in aktivnosti. AKTIVNOSTI V OKTOBRU \u00bbMesecu varstva pred po\u017eari\u00ab. V oktobru, mesecu varstva pred po\u017eari, smo sodelovali na otro\u0161ki prireditvi \u017div \u017dav v Osnovni \u0161oli Menge\u0161. Organizirali smo &hellip; <a href=\"https:\/\/www.pgd-loka.si\/?page_id=4434\">Beri naprej <span class=\"meta-nav\">&rarr;<\/span><\/a><\/p>\n","protected":false},"author":3,"featured_media":0,"parent":0,"menu_order":0,"comment_status":"open","ping_status":"open","template":"","meta":{"footnotes":""},"class_list":["post-4434","page","type-page","status-publish","hentry"],"_links":{"self":[{"href":"https:\/\/www.pgd-loka.si\/index.php?rest_route=\/wp\/v2\/pages\/4434","targetHints":{"allow":["GET"]}}],"collection":[{"href":"https:\/\/www.pgd-loka.si\/index.php?rest_route=\/wp\/v2\/pages"}],"about":[{"href":"https:\/\/www.pgd-loka.si\/index.php?rest_route=\/wp\/v2\/types\/page"}],"author":[{"embeddable":true,"href":"https:\/\/www.pgd-loka.si\/index.php?rest_route=\/wp\/v2\/users\/3"}],"replies":[{"embeddable":true,"href":"https:\/\/www.pgd-loka.si\/index.php?rest_route=%2Fwp%2Fv2%2Fcomments&post=4434"}],"version-history":[{"count":5,"href":"https:\/\/www.pgd-loka.si\/index.php?rest_route=\/wp\/v2\/pages\/4434\/revisions"}],"predecessor-version":[{"id":4545,"href":"https:\/\/www.pgd-loka.si\/index.php?rest_route=\/wp\/v2\/pages\/4434\/revisions\/4545"}],"wp:attachment":[{"href":"https:\/\/www.pgd-loka.si\/index.php?rest_route=%2Fwp%2Fv2%2Fmedia&parent=4434"}],"curies":[{"name":"wp","href":"https:\/\/api.w.org\/{rel}","templated":true}]}}