{"id":3111,"date":"2012-11-15T12:45:40","date_gmt":"2012-11-15T11:45:40","guid":{"rendered":"https:\/\/www.pgd-loka.si\/?page_id=3111"},"modified":"2025-02-05T18:56:19","modified_gmt":"2025-02-05T17:56:19","slug":"dohodnina-dobrodelnost-vas-ne-stane","status":"publish","type":"page","link":"https:\/\/www.pgd-loka.si\/?page_id=3111","title":{"rendered":"Dohodnina"},"content":{"rendered":"<p><a href=\"https:\/\/www.pgd-loka.si\/wp-content\/uploads\/2012\/11\/dobrodelen.jpg\" rel=\"lightbox[3111]\"><img loading=\"lazy\" decoding=\"async\" class=\"alignleft wp-image-4928 size-medium\" src=\"https:\/\/www.pgd-loka.si\/wp-content\/uploads\/2012\/11\/dobrodelen-300x189.jpg\" alt=\"dobrodelen\" width=\"300\" height=\"189\" srcset=\"https:\/\/www.pgd-loka.si\/wp-content\/uploads\/2012\/11\/dobrodelen-300x189.jpg 300w, https:\/\/www.pgd-loka.si\/wp-content\/uploads\/2012\/11\/dobrodelen-200x126.jpg 200w, https:\/\/www.pgd-loka.si\/wp-content\/uploads\/2012\/11\/dobrodelen-250x158.jpg 250w, https:\/\/www.pgd-loka.si\/wp-content\/uploads\/2012\/11\/dobrodelen.jpg 859w\" sizes=\"auto, (max-width: 300px) 100vw, 300px\" \/><\/a>Na podlagi Zakona o dohodnini je Vlada Republike Slovenije v letu 2007 sprejela <a href=\"https:\/\/www.uradni-list.si\/glasilo-uradni-list-rs\/vsebina\/2021-01-2978\/\" target=\"_blank\" rel=\"noopener noreferrer\">Uredbo o namenitvi dela dohodnine za donacije<\/a>.<\/p>\n<p>Seznam upravi\u010dencev dolo\u010di vlada na predlog Ministrstva za finance vsako leto do 31. decembra za leto, za katero se namenja dohodnina.<\/p>\n<p>Mo\u017enost donacije imate vsi, ki oddajate dohodninsko napoved. Torej vsi dav\u010dni zavezanci, ki ste rezidenti Republike Slovenije v skladu z zakonom, ki ureja dohodnino. Do 1 % dohodnine, odmerjene z dokon\u010dno odlo\u010dbo od dohodkov, ki se v\u0161tevajo v letno dav\u010dno osnovo, lahko namenite enemu ali ve\u010d upravi\u010dencem s seznama v Uredbi o namenitvi dela dohodnine za donacije. Posameznemu upravi\u010dencu lahko namenite do 1 % dohodnine. Skupaj pa najve\u010d petim upravi\u010dencem. To storite lahko kadar koli na spletni strani preko sistema <a href=\"https:\/\/edavki.durs.si\/\" target=\"_blank\" rel=\"noopener noreferrer\">eDavki<\/a> ali pisno oziroma ustno na zapisnik pri dav\u010dnem organu.<\/p>\n<p>\u010ce menite, da je PGD Loka pri Meng\u0161u, katerega primarne naloge so pomo\u010d in re\u0161evanje, vredno va\u0161e pozornosti, mu pomagajte z navedeno donacijo.<\/p>\n<p><span style=\"color: #cc0000;\"><strong>S podpisom Zahteve za namenitev dela dohodnine za donacije, finan\u010dno ne izgubite ni\u010desar, namenite nam le del, ki ga druga\u010de dobi dr\u017eava, ki za na\u0161o dejavnost iz leta v leto namenja manj sredstev.<\/strong><\/span><\/p>\n<p>Donirana sredstva bodo porabljena za opremo na\u0161ih gasilcev, izobra\u017eevanja, preventivno dejavnost in ostale aktivnosti.<\/p>\n<p>Podpre nas lahko vsak vsak dav\u010dni zavezanec, ki \u017eeli na tak na\u010din pomagati na\u0161emu dru\u0161tvu, zato vas prosimo, da o tej mo\u017enosti donacije seznanite tudi va\u0161e sorodnike in prijatelje, ki bi bili pripravljeni nameniti na\u0161emu dru\u0161tvu ta del dohodnine.<\/p>\n<p><span style=\"color: #cc0000;\"><strong>NAVODILA KAKO PODARITI DEL DOHODNINE:<\/strong><\/span><\/p>\n<p>Zahtevo za namenitev dela dohodnine lahko oddate preko portala eDavki s klikom na naslednjo povezavo <a href=\"https:\/\/edavki.durs.si\/EdavkiPortal\/PersonalPortal\/CommonPages\/Documents\/New.aspx?formType=Doh_Don\" target=\"_blank\" rel=\"noopener noreferrer\"><span style=\"color: #cc0000;\"><strong>https:\/\/edavki.durs.si\/<\/strong><\/span><\/a><\/p>\n<p><strong>Za va\u0161o pomo\u010d se vam iskreno zahvaljujemo! <\/strong><br \/>\n<iframe loading=\"lazy\" id=\"enprocent_iframe\" style=\"max-width: 100%;\" src=\"https:\/\/www.cnvos.si\/enprocent\/embed\/v2\/?address=GASILSKA%20CESTA%2046&amp;city=Menge%C5%A1&amp;name=PROSTOVOLJNO%20GASILSKO%20DRU%C5%A0TVO%20LOKA%20PRI%20MENG%C5%A0U&amp;percent=1.0&amp;postalCode=1234&amp;taxNumber=51946688\" width=\"800\" height=\"600\" frameborder=\"0\"><\/iframe><script src=\"https:\/\/cdnjs.cloudflare.com\/ajax\/libs\/iframe-resizer\/4.3.2\/iframeResizer.min.js\"><\/script><script>iFrameResize({checkOrigin:false},'#enprocent_iframe');<\/script><\/p>\n","protected":false},"excerpt":{"rendered":"<p>Na podlagi Zakona o dohodnini je Vlada Republike Slovenije v letu 2007 sprejela Uredbo o namenitvi dela dohodnine za donacije. Seznam upravi\u010dencev dolo\u010di vlada na predlog Ministrstva za finance vsako leto do 31. decembra za leto, za katero se namenja &hellip; <a href=\"https:\/\/www.pgd-loka.si\/?page_id=3111\">Beri naprej <span class=\"meta-nav\">&rarr;<\/span><\/a><\/p>\n","protected":false},"author":3,"featured_media":4928,"parent":0,"menu_order":0,"comment_status":"open","ping_status":"open","template":"","meta":{"footnotes":""},"class_list":["post-3111","page","type-page","status-publish","has-post-thumbnail","hentry"],"_links":{"self":[{"href":"https:\/\/www.pgd-loka.si\/index.php?rest_route=\/wp\/v2\/pages\/3111","targetHints":{"allow":["GET"]}}],"collection":[{"href":"https:\/\/www.pgd-loka.si\/index.php?rest_route=\/wp\/v2\/pages"}],"about":[{"href":"https:\/\/www.pgd-loka.si\/index.php?rest_route=\/wp\/v2\/types\/page"}],"author":[{"embeddable":true,"href":"https:\/\/www.pgd-loka.si\/index.php?rest_route=\/wp\/v2\/users\/3"}],"replies":[{"embeddable":true,"href":"https:\/\/www.pgd-loka.si\/index.php?rest_route=%2Fwp%2Fv2%2Fcomments&post=3111"}],"version-history":[{"count":43,"href":"https:\/\/www.pgd-loka.si\/index.php?rest_route=\/wp\/v2\/pages\/3111\/revisions"}],"predecessor-version":[{"id":12185,"href":"https:\/\/www.pgd-loka.si\/index.php?rest_route=\/wp\/v2\/pages\/3111\/revisions\/12185"}],"wp:featuredmedia":[{"embeddable":true,"href":"https:\/\/www.pgd-loka.si\/index.php?rest_route=\/wp\/v2\/media\/4928"}],"wp:attachment":[{"href":"https:\/\/www.pgd-loka.si\/index.php?rest_route=%2Fwp%2Fv2%2Fmedia&parent=3111"}],"curies":[{"name":"wp","href":"https:\/\/api.w.org\/{rel}","templated":true}]}}