{"id":12144,"date":"2025-02-05T17:54:55","date_gmt":"2025-02-05T16:54:55","guid":{"rendered":"https:\/\/www.pgd-loka.si\/?page_id=12144"},"modified":"2026-01-01T10:02:41","modified_gmt":"2026-01-01T09:02:41","slug":"intervencije-v-letu-2025","status":"publish","type":"page","link":"https:\/\/www.pgd-loka.si\/?page_id=12144","title":{"rendered":"Intervencije v letu 2025"},"content":{"rendered":"<ul>\n<li style=\"list-style-type: none;\">\n<ul>\n<li>01\/2025<\/li>\n<li>Datum in ura:<br \/>\n<strong>12.01.2025<\/strong>, 11:41<\/li>\n<li>Opis:<br \/>\nPoziv ReCO: <strong>Po\u017ear osebnega vozila v Meng\u0161u pri Publikusu<\/strong><br \/>\nSkupaj z gasilci PGD Menge\u0161 in PGD Topole smo po\u017ear pogasili in zalili s peno ter pregledali s termovizijsko kamero. Nadaljnje postopke je prevzela policija.<\/li>\n<li>Sodelujo\u010de enote: PGD Loka pri Meng\u0161u, PGD Menge\u0161, PGD Topole, Policija<\/li>\n<li>\u0160t. gasilcev PGD Loka in vozila:<br \/>\n11 gasilcev; GVGP-1, GVC-1<\/li>\n<\/ul>\n<\/li>\n<\/ul>\n<p>Novica: <a href=\"https:\/\/www.pgd-loka.si\/?p=12064\"><strong>Po\u017ear osebnega vozila v Meng\u0161u pri Publikusu, 12.1.2025<\/strong><\/a><\/p>\n<hr \/>\n<ul>\n<li>02\/2025<\/li>\n<li>Datum in ura:<br \/>\n<strong>12.01.2025<\/strong>, 12:05<\/li>\n<li>Opis:<br \/>\nPoziv ReCO: <strong>Po\u017earni alarm v Publikusu<\/strong><br \/>\nOb vra\u010danju nazaj v gasilski dom iz prve intervencije, smo bili ob 12:05 preko ReCO Ljubljana obve\u0161\u010deni o vklopu po\u017earnega alarma na deponiji Publikus, vendar smo kasneje dobili s strani ReCO preklic saj so za preveritev alarma pro\u017eili lokalno pristojne gasilske enote v Ob\u010dini Komenda. Intervencija je bila kon\u010dana ob 12:23 uri.<\/li>\n<li>Sodelujo\u010de enote: PGD Loka pri Meng\u0161u, PGD Menge\u0161, PGD Topole, Policija<\/li>\n<li>\u0160t. gasilcev PGD Loka in vozila:<br \/>\n11 gasilcev; GVGP-1, GVC-1<\/li>\n<\/ul>\n<hr \/>\n<ul>\n<li style=\"list-style-type: none;\">\n<ul>\n<li>03\/2025<\/li>\n<li>Datum in ura:<br \/>\n<strong>16.01.2025<\/strong>, 15:17<\/li>\n<li>Opis:<br \/>\nPoziv ReCO: <strong>Po\u017ear kombija v industrijski coni, Prevozi Ger\u010dar, biv\u0161i SCT<\/strong><br \/>\nV \u010detrtek, 16.1.2025, ob 15:17 uri, smo bili preko ReCO Ljubljana obve\u0161\u010deni o po\u017earu kombiniranega vozila v IC Jama (Industrijska cona Topole) v Topolah. Izvozili smo z GVC-1 ter 7 operativnimi gasilci. Skupaj z gasilci PGD Menge\u0161 in PGD Topole smo po\u017ear na vozilu pogasili ter pregledali s termovizijsko kamero. Na lokaciji je bila prisotna tudi policija. Intervencija je bila kon\u010dana ob 15:47 uri.<\/li>\n<li>Sodelujo\u010de enote: PGD Loka pri Meng\u0161u, PGD Menge\u0161, PGD Topole, Policija<\/li>\n<li>\u0160t. gasilcev PGD Loka in vozila:<br \/>\n7 gasilcev; GVC-1<\/li>\n<\/ul>\n<\/li>\n<\/ul>\n<p>Novica: <a href=\"https:\/\/www.pgd-loka.si\/?p=12094\"><strong>Po\u017ear kombiniranega vozila v IC Jama v Topolah, 16.1.2025<\/strong><\/a><\/p>\n<hr \/>\n<ul>\n<li style=\"list-style-type: none;\">\n<ul>\n<li>04\/2025<\/li>\n<li>Datum in ura:<br \/>\n<strong>23.02.2025<\/strong>, 18:48<\/li>\n<li>Opis:<br \/>\nPoziv ReCO: <strong>Stopar, ne diha, reanimacija, AED, Dobeno 107<\/strong><br \/>\nV nedeljo, 23.2.2025 ob 18:48 smo bili preko ReCO Ljubljana obve\u0161\u010deni o neodzivni osebi na zgornjem Dobenu. Ob 18:52 smo izvozili z GVGP-1 in GVM-1 ter 8 operativnimi gasilci. Na kraju smo skupaj z re\u0161evalci Nujne medicinske pomo\u010di iz Dom\u017eal za\u010deli z izvajanjem temeljnih postopkov o\u017eivljanja. Na\u0161a pomo\u010d je bila uspe\u0161na. Intervencija je bila kon\u010dana ob 19:56 uri.<\/li>\n<li>Sodelujo\u010de enote: PGD Loka pri Meng\u0161u, NMP Dom\u017eale<\/li>\n<li>\u0160t. gasilcev PGD Loka in vozila:<br \/>\n8 gasilcev; GVGP-1 in GVM-1<\/li>\n<\/ul>\n<\/li>\n<\/ul>\n<p>Novica: <a href=\"https:\/\/www.pgd-loka.si\/?p=12214\"><strong>Pomo\u010d re\u0161evalcem, 23.2.2025<\/strong><\/a><\/p>\n<hr \/>\n<ul>\n<li style=\"list-style-type: none;\">\n<ul>\n<li>05\/2025<\/li>\n<li>Datum in ura:<br \/>\n<strong>21.03.2025<\/strong>, 21:51<\/li>\n<li>Opis:<br \/>\nPoziv ReCO: <strong>Kadi se iz motornega dela vozila, Menge\u0161, Glasbilarska ulica 2<\/strong><br \/>\nV sredo, 19.3.2025, ob 21:51 uri, smo bili preko ReCO Ljubljana obve\u0161\u010deni, da se kadi iz motornega dela vozila v Meng\u0161u na Glasbilarski ulici. Izvozili smo z GVC-1 ter 8 operativnimi gasilci. Med vo\u017enjo na kraj intervencije smo bili s strani ReCO Ljubljana obve\u0161\u010deni, da na\u0161a pomo\u010d ni ve\u010d potrebna, zato smo se vrnili nazaj v gasilski dom. Intervencija je bila kon\u010dana ob 22:15 uri.<\/li>\n<li>Sodelujo\u010de enote: PGD Loka pri Meng\u0161u, PGD Menge\u0161, PGD Topole<\/li>\n<li>\u0160t. gasilcev PGD Loka in vozila:<br \/>\n8 gasilcev; GVC-1<\/li>\n<\/ul>\n<\/li>\n<\/ul>\n<p>Novica: <a href=\"https:\/\/www.pgd-loka.si\/?p=12231\"><strong>Kadi se iz motorja vozila v Meng\u0161u, 19.3.2025<\/strong><\/a><\/p>\n<hr \/>\n<ul>\n<li style=\"list-style-type: none;\">\n<ul>\n<li>06\/2025<\/li>\n<li>Datum in ura:<br \/>\n<strong>10.04.2025<\/strong>, 19:09<\/li>\n<li>Opis:<br \/>\nPoziv ReCO: <strong>Nenadzorovano kuri\u0161\u010de v naravi 1 kvadratni meter Pristava pot na Menge\u0161ko ko\u010do &#8211; Menge\u0161<\/strong><br \/>\nPreko ReCO Ljubljana smo bili obve\u0161\u010deni o manj\u0161em nenadzorovanem kuri\u0161\u010du v naravi ob poti na Menge\u0161ko ko\u010do v Meng\u0161u. Izvozili smo z vozilom GVGP-1 ter 4 operativnimi gasilci. V gasilskem domu je bilo v pripravljenosti \u0161e 5 operativnih gasilcev z vozilom GVC-1. Po prihodu na kraj intervencije smo nenadzorovano kuri\u0161\u010de prekopali, zalili z vodo ter obmo\u010dje pregledali s termo kamero. Na lokaciji so bili prisotni tudi gasilci PGD Menge\u0161 in PGD Topole ter PP Dom\u017eale.Intervencija je bila kon\u010dana ob 20:10 uri.<\/li>\n<li>Sodelujo\u010de enote: PGD Loka pri Meng\u0161u, PGD Menge\u0161, PGD Topole, PP Dom\u017eale<\/li>\n<li>\u0160t. gasilcev PGD Loka in vozila:<br \/>\n9 gasilcev; GVGP-1<\/li>\n<\/ul>\n<\/li>\n<\/ul>\n<p>Novica: <a href=\"https:\/\/www.pgd-loka.si\/?p=12255\"><strong>Nenadzorovano kurjenje v gozdu, 10.04.2025<\/strong><\/a><\/p>\n<hr \/>\n<ul>\n<li style=\"list-style-type: none;\">\n<ul>\n<li>07\/2025<\/li>\n<li>Datum in ura:<br \/>\n<strong>24.06.2025<\/strong>, 17:38<\/li>\n<li>Opis:<br \/>\nPoziv ReCO: <strong>Gori balirka &#8211; pred rondojem pri Tu\u0161u na desni strani polja<\/strong><br \/>\nV torek, 24.6.2025 ob 17:38 uri smo bili preko ReCO Ljubljana obve\u0161\u010deni o po\u017earu na kmetijskem stroju \u2013 balirki na polju med Meng\u0161em in drevoredom Lipce. Izvozili smo z vozilom GVC-1 ter 6 operativnimi gasilci. V gasilskem domu sta bila v pripravljenosti \u0161e 2 operativna gasilca z vozilom GVGP-1. Po prihodu na kraj intervencije so \u017ee gasilci PGD Menge\u0161 tle\u010do balirko pogasili ter pregledali okolico s termo kamero. Pred njihovim prihodom je po\u017ear omejil strojnik traktorja z ro\u010dnimi gasilniki. Na lokaciji so bili prisotni tudi gasilci PGD Topole. Intervencija je bila kon\u010dana ob 18:30 uri.<\/li>\n<li>Sodelujo\u010de enote: PGD Loka pri Meng\u0161u, PGD Menge\u0161, PGD Topole<\/li>\n<li>\u0160t. gasilcev PGD Loka in vozila:<br \/>\n8 gasilcev; GVC-1<\/li>\n<\/ul>\n<\/li>\n<\/ul>\n<p>Novica: <a href=\"https:\/\/www.pgd-loka.si\/?p=12375\"><strong>Po\u017eari na delovnih, kmetijskih in gradbenih strojih, 24.06.2025<\/strong><\/a><\/p>\n<hr \/>\n<ul>\n<li style=\"list-style-type: none;\">\n<ul>\n<li>08\/2025<\/li>\n<li>Datum in ura:<br \/>\n<strong>08.07.2025<\/strong>, 08:44<\/li>\n<li>Opis:<br \/>\nPoziv ReCO: <strong>Podjetje 2 Digit, zalita klet<\/strong><br \/>\nV torek, 08.07.2025 ob 08:44 uri smo bili preko ReCO Ljubljana obve\u0161\u010deni o zaliti kleti v podjetju 2Digit na Gorenjski cesti v Meng\u0161u. Izvozili smo z vozilom GVC-1 in dvema operativnima gasilca. Po prihodu na kraj interevencije smo skupaj z gasilci PGD Topole in PGD Menge\u0161 s sesalci posesali vodo, katera je zalila kletne prostore. Na lokaciji so bili prisotni tudi gasilci PGD Topole in PGD Menge\u0161. Intervencija je bila kon\u010dana ob 11:15 uri.<\/li>\n<li>Sodelujo\u010de enote: PGD Loka pri Meng\u0161u, PGD Menge\u0161, PGD Topole<\/li>\n<li>\u0160t. gasilcev PGD Loka in vozila:<br \/>\n3 gasilci; GVC-1<\/li>\n<\/ul>\n<\/li>\n<\/ul>\n<p>Novica: <a href=\"https:\/\/www.pgd-loka.si\/?p=12377\"><strong>Poplave meteorne vode v Meng\u0161u, 08.07.2025<\/strong><\/a><\/p>\n<hr \/>\n<ul>\n<li style=\"list-style-type: none;\">\n<ul>\n<li>09\/2025<\/li>\n<li>Datum in ura:<br \/>\n<strong>25.07.2025<\/strong>, 00:53<\/li>\n<li>Opis:<br \/>\nPoziv ReCO: <strong>Gori hi\u0161a, Loka pri Meng\u0161u, Za P\u0161ato 6<\/strong><br \/>\nV petek, 25.7.2025 ob 00:53 smo bili preko ReCO Ljubljana obve\u0161\u010deni o po\u017earu hi\u0161e na ulici Za P\u0161ato v Loki pri Meng\u0161u. Na intervencijo smo izvozili z 10 gasilci ter voziloma GVC-1 in GVGP-1. \u017de ob prihodu v gasilski dom smo opazili polno razviti po\u017ear ostre\u0161ja na stanovanjskem objektu. Ob prihodu na lokacijo smo izvedli skupaj z gasilci PGD Menge\u0161 in PGD Topole dva notranja napada z dvema ekipama skozi objekt na podstre\u0161je. Vzporedno smo izvajali aktivnosti s postavitvami trodelnih lestev na 2 razli\u010dna konca objekta in zunanji napad z vodo. Ker so ekipe notranjega napada hitro napredovale na podstre\u0161je in omejile po\u017ear, dodatni napadi preko trodelnih lestev niso bili potrebeni. Z vsemi izvedenimi aktivnostmi nam je uspelo, da smo po\u017ear omejili na samo ostre\u0161je, katero je \u017ee bilo v ognju ob na\u0161em prihodu. Za odstranjevanje po\u0161kodovane stre\u0161ne kritine in o\u017eganih lesenih elementov ostre\u0161ja so nam na pomo\u010d prisko\u010dili gasilci CZR Dom\u017eale z avtolestvijo, ki jo je aktiviral ReCO Ljubljana. Ker stanovanjski objekt trenutno ni v uporabi s stanovalci, ostre\u0161ja zaradi policijske preiskave nismo pokrivali. Ostre\u0161je bo lastnik z zunanjimi izvajalci saniral sam. Intervencija je bila kon\u010dana ob 04:30 uri.<\/li>\n<li>Sodelujo\u010de enote: PGD Loka pri Meng\u0161u, PGD Menge\u0161, PGD Topole, CZR Dom\u017eale, PP Dom\u017eale, NMP Dom\u017eale<\/li>\n<li>\u0160t. gasilcev PGD Loka in vozila:<br \/>\n10 gasilci; GVC-1 in GVGP-1<\/li>\n<\/ul>\n<\/li>\n<\/ul>\n<p>Novica: <a href=\"https:\/\/www.pgd-loka.si\/?p=12409\"><strong>Po\u017ear hi\u0161e v Loki pri Meng\u0161u, 25.07.2025<\/strong><\/a><\/p>\n<hr \/>\n<ul>\n<li>10\/2025<\/li>\n<li>Datum in ura:<br \/>\n<strong>25.07.2025<\/strong>, 10:20<\/li>\n<li>Opis:<br \/>\nKlic ReCO: <strong>Prekrivanje strehe po po\u017earu, Loka pri Meng\u0161u, Za P\u0161ato 6<\/strong><br \/>\nV petek, 25.7.2025 ob 10:20 smo bili preko ReCO Ljubljana obve\u0161\u010deni o prekrivanju strehe hi\u0161e na ulici Za P\u0161ato v Loki pri Meng\u0161u. Ob prihodu na kraj je bilo ugotoljeno, da je stanje ostankov ostre\u0161ja tako po\u0161kodovano, da zasilno pokrivanje s folijo ni mo\u017eno in zahteva obse\u017eno izdelavo podkonstrukcije. Lastnik \u0161e \u010daka oceno zavarovalnice in pove, da razmi\u0161lja o smotrnosti obnavljanja objekta. Z lastnikom objekta na kraju smo se dogovorili, da kontaktira podjetje, ki se ukvarja s krovskimi deli ter v lastni re\u017eiji poskrbi za nadaljnjo sanacijo. Intervencija je bila kon\u010dana ob 12:00 uri.<\/li>\n<li>Sodelujo\u010de enote: PGD Loka pri Meng\u0161u<\/li>\n<li>\u0160t. gasilcev PGD Loka in vozila:<br \/>\n3 gasilci; GVC-1<\/li>\n<\/ul>\n<hr \/>\n<ul>\n<li style=\"list-style-type: none;\">\n<ul>\n<li>11\/2025<\/li>\n<li>Datum in ura:<br \/>\n<strong>27.07.2025<\/strong>, 19:21<\/li>\n<li>Opis:<br \/>\nPoziv ReCO: <strong>Strela udarila v delavnico. kadi se, ognja ni videti, pregled; Menge\u0161, Liparjeva cesta 32<\/strong><br \/>\nV nedeljo, 27.7.2025 ob 19:21 smo bili preko ReCO Ljubljana obve\u0161\u010deni o udaru strele v poslovni objekt, delavnico na Liparjevi cesti. Na intervencijo smo izvozili s 6 gasilci ter vozilom GVC-1. Ob aktivaciji je bilo javljeno, da se kadi, vendar ognja ni videti. Ob prihodu na kraj nas je lastnik po\u010dakal pred objektom. Pregledali smo objekt ter okolico objekta, s termovizijsko kamero preverili vse prostore ter son\u010dno elektrarno na strehi. Vzroka za zadimljenje nismo na\u0161li. Preventivno smo odklopili son\u010dno elektrarno ter lastniku svetovali spremljanje tekom no\u010di. Prav tako smo mu svetovali, naj pokli\u010de serviserja son\u010dne elektrarne, da jo strokovno pregleda. Intervencija je bila kon\u010dana ob 20:00 uri.<\/li>\n<li>Sodelujo\u010de enote: PGD Loka pri Meng\u0161u, PGD Menge\u0161, PGD Topole<\/li>\n<li>\u0160t. gasilcev PGD Loka in vozila:<br \/>\n6 gasilcev; GVC-1<\/li>\n<\/ul>\n<\/li>\n<\/ul>\n<p>Novica: <a href=\"https:\/\/www.pgd-loka.si\/?p=12420\"><strong>Udar strele v Meng\u0161u, 27.07.2025<\/strong><\/a><\/p>\n<hr \/>\n<ul>\n<li style=\"list-style-type: none;\">\n<ul>\n<li>12\/2025<\/li>\n<li>Datum in ura:<br \/>\n<strong>06.08.2025<\/strong>, 20:28<\/li>\n<li>Opis:<br \/>\nPoziv ReCO: <strong>Nenadno obolela oseba, pomo\u010d z AED, Dobeno 103A<\/strong><br \/>\nV sredo, 6.8.2025 ob 20:28 smo bili preko ReCO Ljubljana obve\u0161\u010deni o nenadno oboleli osebi na zgornjem Dobenu. Ob 20:32 smo izvozili z GVGP-1 in GVM-1 ter 11 operativnimi gasilci. Na kraju smo skupaj z re\u0161evalci Nujne medicinske pomo\u010di iz Dom\u017eal in Kamnika za\u010deli z izvajanjem temeljnih postopkov o\u017eivljanja. V nadaljevanju smo osebo prenesli do re\u0161evalnega vozila, s katerim je bila pripeljana v nadaljno oskrbo. Intervencija je bila kon\u010dana ob 21:10 uri.<\/li>\n<li>Sodelujo\u010de enote: PGD Loka pri Meng\u0161u<\/li>\n<li>\u0160t. gasilcev PGD Loka in vozila:<br \/>\n11 gasilcev; GVGP-1 in GVM-1<\/li>\n<\/ul>\n<\/li>\n<\/ul>\n<p>Novica: <a href=\"https:\/\/www.pgd-loka.si\/?p=12430\"><strong>Pomo\u010d re\u0161evalcem, 6.8.2025<\/strong><\/a><\/p>\n<hr \/>\n<ul>\n<li style=\"list-style-type: none;\">\n<ul>\n<li>13\/2025<\/li>\n<li>Datum in ura:<br \/>\n<strong>15.08.2025<\/strong>, 13:38<\/li>\n<li>Opis:<br \/>\nPoziv ReCO: <strong>Dim v kletnih prostorih poslovnega objekta Menge\u0161, Glavni trg 18a<\/strong><br \/>\nV petek, 15.8.2025 ob 13:38 smo bili preko ReCO Ljubljana obve\u0161\u010deni o dimu v kletnih prostorih poslovnega objekta na Glavnem trgu v Meng\u0161u. Na intervencijo smo izvozili s 7 gasilci ter voziloma GVGP-1 in GVC-1. Skupaj z gasilci PGD Menge\u0161 in Topole smo pregledali prostore ter ugotovili, da se je dim \u0161iril iz enega izmed kletnih prostorov. Ob navzo\u010dnosti policije, smo s tehni\u010dnim posegom odprli vrata kletnega prostora ter ugotovili, da sta bila dim in vonj po za\u017eganem posledica obdelave lesa. Prostore smo prezra\u010dili in pregledali, nevarnosti ni bilo. Intervencija je bila kon\u010dana ob 15:00 uri.<\/li>\n<li>Sodelujo\u010de enote: PGD Loka pri Meng\u0161u, PGD Menge\u0161, PGD Topole<\/li>\n<li>\u0160t. gasilcev PGD Loka in vozila:<br \/>\n7 gasilcev; GVGP-1 in GVC-1<\/li>\n<\/ul>\n<\/li>\n<\/ul>\n<p>Novica: <a href=\"https:\/\/www.pgd-loka.si\/?p=12442\"><strong>Dim v kletnih prostorih poslovnega objekta, 15.8.2025<\/strong><\/a><\/p>\n<hr \/>\n<ul>\n<li style=\"list-style-type: none;\">\n<ul>\n<li>14\/2025<\/li>\n<li>Datum in ura:<br \/>\n<strong>10.10.2025<\/strong>, 05:52<\/li>\n<li>Opis:<br \/>\nPoziv ReCO: <strong>Dom po\u010ditka Menge\u0161, kadi se v pralnici, alarm in dim, Glavni trg 13, Menge\u0161<\/strong><br \/>\nV petek, 10.10.2025 ob 5:52 smo preko ReCO Ljubljana prejeli obvestilo o dimu v pralnici v Domu po\u010ditka Menge\u0161. Izvozili smo z GVC 16\/25 in GVGP-1 in desetimi gasilci. Na kraju smo ugotovili da je v pralnici zagorel razdelilec na kolutu. Po nastanku po\u017eara so z ga\u0161enjem z gasilnim aparatom za\u010deli \u017ee zaposleni. Dim se je raz\u0161iril po stopni\u0161\u010du navzgor. Po\u017ear smo do konca pogasili in okolico po\u017eara pregledali s termovizijsko kamero. Stopni\u0161\u010de smo prezra\u010dili in z detektorjem plinov opravili meritve morebitnih odstopanj. Zaradi dima je bil aktiviran po\u017earni alarm zaradi katerega so se vrata proti sektorju stanovalcev avtomatsko zaprla. Po zadnjem pregledu ni bilo zaznati dima niti odstopanj. Na intervenciji smo sodelovali z gasilci PGD Menge\u0161 in PGD Topole. Na kraju so bili prisotni tudi re\u0161evalci in Policija. Intervencija je bila kon\u010dana ob 06:30 uri.<\/li>\n<li>Sodelujo\u010de enote: PGD Loka pri Meng\u0161u, PGD Menge\u0161, PGD Topole, NMP Dom\u017eale in PP Dom\u017eale<\/li>\n<li>\u0160t. gasilcev PGD Loka in vozila:<br \/>\n10 gasilcev; GVGP-1 in GVC-1<\/li>\n<\/ul>\n<\/li>\n<\/ul>\n<p>Novica: <a href=\"https:\/\/www.pgd-loka.si\/?p=12500\"><strong>Dim v pralnici Dom po\u010ditka Menge\u0161, 10.10.2025<\/strong><\/a><\/p>\n<hr \/>\n<ul>\n<li style=\"list-style-type: none;\">\n<ul>\n<li>15\/2025<\/li>\n<li>Datum in ura:<br \/>\n<strong>03.11.2025<\/strong>, 05:05<\/li>\n<li>Opis:<br \/>\nPoziv ReCO: <strong>Drevo \u010dez cesto, Loka &#8211; Dobeno<\/strong><br \/>\nV ponedeljek, 3.11.2025 ob 5:05 smo preko ReCO Ljubljana prejeli obvestilo o podrtem drevesu \u010dez cesto, Loka \u2013 Dobeno. Izvozili smo z GVC 16\/25 in GVGP-1 in \u0161estimi gasilci. Na kraju smo padlo drevo raz\u017eagali in v celoti odstranili s ceste. Intervencija je bila kon\u010dana ob 05:55 uri.<\/li>\n<li>Sodelujo\u010de enote: PGD Loka pri Meng\u0161u<\/li>\n<li>\u0160t. gasilcev PGD Loka in vozila:<br \/>\n6 gasilcev; GVGP-1 in GVC-1<\/li>\n<\/ul>\n<\/li>\n<\/ul>\n<p>Novica: <a href=\"https:\/\/www.pgd-loka.si\/?p=12534\"><strong>Podrto drevo \u010dez cesto, 3.11.2025<\/strong><\/a><\/p>\n<hr \/>\n<ul>\n<li style=\"list-style-type: none;\">\n<ul>\n<li>16\/2025<\/li>\n<li>Datum in ura:<br \/>\n<strong>29.11.2025<\/strong>, 23:00<\/li>\n<li>Opis:<br \/>\nPoziv ReCO: <strong>Od PGD do rondoja proti Trzinu na desni strani proti trgovini Tu\u0161, je zapu\u0161\u010den kozolec, sum da je nekdo podtaknil po\u017ear<\/strong><br \/>\nV soboto, 29.11.2025 ob 23:00 uri, smo bili preko ReCO Ljubljana obve\u0161\u010deni o po\u017earu kozolca v Meng\u0161u. Izvozili smo z vozilom GVC-1 in 7 operativnimi gasilci. Na kraju intervencije smo skupaj z gasilci PGD Menge\u0161 in PGD Topole ugotovili, da gorijo palete pod zapu\u0161\u010denim kozolcem. Po\u017ear smo pogasili, prekopali mikrolokacijo po\u017eara in po\u017eari\u0161\u010de ter okolico dodatno zalili z vodo. Na kraju je bila prisotna tudi policija. Intervencija je bila kon\u010dana ob 23:30 uri.<\/li>\n<li>Sodelujo\u010de enote: PGD Loka pri Meng\u0161u, PGD Menge\u0161, PGD Topole, PP Dom\u017eale<\/li>\n<li>\u0160t. gasilcev PGD Loka in vozila:<br \/>\n7 gasilcev; GVC-1<\/li>\n<\/ul>\n<\/li>\n<\/ul>\n<p>Novica: <a href=\"https:\/\/www.pgd-loka.si\/?p=12633\"><strong>Po\u017ear kozolca v Meng\u0161u, 29.11.2025<\/strong><\/a><\/p>\n<hr \/>\n<ul>\n<li style=\"list-style-type: none;\">\n<ul>\n<li>17\/2025<\/li>\n<li>Datum in ura:<br \/>\n<strong>27.12.2025<\/strong>, 18:22<\/li>\n<li>Opis:<br \/>\nPoziv ReCO: <strong>Dimni\u0161ki po\u017ear, Menge\u0161, Ropretova cesta 27<\/strong><br \/>\nV soboto, 27.12.2025 ob 18:22 smo bili preko ReCO Ljubljana obve\u0161\u010deni o dimni\u0161kem po\u017earu na Ropretovi cesti v Meng\u0161u. Izvozili smo z voziloma GVC 16\/25 in GVGP-1 s 7 operativnimi gasilci. Ob prihodu na kraj smo skupaj z gasilci PGD Menge\u0161 in PGD Topole iznosili tle\u010de ostanke iz pe\u010di, ohladili ter o\u010distili dimni\u0161ko tuljavo. Objekt smo pregledali s termo kamero ter ga prezra\u010dili. Intervencija je bila kon\u010dana ob 20:46 uri.<\/li>\n<li>Sodelujo\u010de enote: PGD Loka pri Meng\u0161u, PGD Menge\u0161, PGD Topole<\/li>\n<li>\u0160t. gasilcev PGD Loka in vozila:<br \/>\n7 gasilcev; GVC-1<\/li>\n<\/ul>\n<\/li>\n<\/ul>\n<p>Novica: <a href=\"https:\/\/www.pgd-loka.si\/?p=12602\"><strong>Dimni\u0161ki po\u017ear v Meng\u0161u, 27.12.2025<\/strong><\/a><\/p>\n<hr \/>\n<ul>\n<li style=\"list-style-type: none;\">\n<ul>\n<li>18\/2025<\/li>\n<li>Datum in ura:<br \/>\n<strong>31.12.2025<\/strong>, 09:28<\/li>\n<li>Opis:<br \/>\nPoziv ReCO: <strong>Nekdo je kuril smeti &#8211; nevarnost, da se raz\u0161iri na gozd &#8211; za lokacijo glej eSpin! X:46.190062 Y:14.572921<\/strong><br \/>\nV sredo, 31.12.2025, na hladno silvestersko jutro ob 09:28 uri smo bili preko ReCO Ljubljana obve\u0161\u010deni, da gorijo smeti ter da je nevarnost raz\u0161irjenja v gozd. Izvozili smo z GVC-1 ter \u0161estimi operativnimi gasilci. Na kraju je bilo ugotovljeno, da gorijo smeti v bli\u017eini gozdi\u010dka, ki smo jih skupaj s kolegi PGD Menge\u0161 in PGD Topole pogasili. Na kraju je bila prisotna tudi policija. Intervencija je bila kon\u010dana ob 10:10 uri.<\/li>\n<li>Sodelujo\u010de enote: PGD Loka pri Meng\u0161u, PGD Menge\u0161, PGD Topole, PP Dom\u017eale<\/li>\n<li>\u0160t. gasilcev PGD Loka in vozila:<br \/>\n6 gasilcev; GVC-1<\/li>\n<\/ul>\n<\/li>\n<\/ul>\n<p>Novica: <a href=\"https:\/\/www.pgd-loka.si\/?p=12620\"><strong>Po\u017ear v naravi v Meng\u0161u, 31.12.2025<\/strong><\/a><\/p>\n<hr \/>\n<ul>\n<li style=\"list-style-type: none;\">\n<ul>\n<li>19\/2025<\/li>\n<li>Datum in ura:<br \/>\n<strong>31.12.2025<\/strong>, 18:35<\/li>\n<li>Opis:<br \/>\nPoziv ReCO: <strong>Nekdo je kuril smeti &#8211; nevarnost, da se raz\u0161iri na gozd &#8211; za lokacijo glej eSpin! X:46.190062 Y:14.572921<\/strong><br \/>\nV sredo, 31.12.2025 ob 18:35 smo bili preko ReCO Ljubljana obve\u0161\u010deni o po\u017earu v kleti na Novakovi ulici v Meng\u0161u. Izvozili smo z voziloma GVGP-1 in GVC-1 ter devetimi operativnimi gasilci. Na kraju intervencije smo skupaj z gasilci PGD Menge\u0161 in PGD Topole izvedli notranji napad v kletne prostore in hitro omejili ter pogasili po\u017ear. O\u017egani in pogoreli material smo prekopali in iznosili iz objekta. Kletni prostor smo prezra\u010dili ter pregledali s termovizijsko kamero. Na kraju sta bila prisotna tudi de\u017eurni elektro in policija. Intervencija je bila kon\u010dana ob 20:30 uri.<\/li>\n<li>Sodelujo\u010de enote: PGD Loka pri Meng\u0161u, PGD Menge\u0161, PGD Topole, PP Dom\u017eale<\/li>\n<li>\u0160t. gasilcev PGD Loka in vozila:<br \/>\n9 gasilcev; GVC-1 in GVGP-1<\/li>\n<\/ul>\n<\/li>\n<\/ul>\n<p>Novica: <a href=\"https:\/\/www.pgd-loka.si\/?p=12643\"><strong>Po\u017ear v kleti stanovanjskega objekta v Meng\u0161u, 31.12.2025<\/strong><\/a><\/p>\n<hr \/>\n","protected":false},"excerpt":{"rendered":"<p>01\/2025 Datum in ura: 12.01.2025, 11:41 Opis: Poziv ReCO: Po\u017ear osebnega vozila v Meng\u0161u pri Publikusu Skupaj z gasilci PGD Menge\u0161 in PGD Topole smo po\u017ear pogasili in zalili s peno ter pregledali s termovizijsko kamero. Nadaljnje postopke je prevzela &hellip; <a href=\"https:\/\/www.pgd-loka.si\/?page_id=12144\">Beri naprej <span class=\"meta-nav\">&rarr;<\/span><\/a><\/p>\n","protected":false},"author":3,"featured_media":0,"parent":0,"menu_order":0,"comment_status":"closed","ping_status":"closed","template":"","meta":{"footnotes":""},"class_list":["post-12144","page","type-page","status-publish","hentry"],"_links":{"self":[{"href":"https:\/\/www.pgd-loka.si\/index.php?rest_route=\/wp\/v2\/pages\/12144","targetHints":{"allow":["GET"]}}],"collection":[{"href":"https:\/\/www.pgd-loka.si\/index.php?rest_route=\/wp\/v2\/pages"}],"about":[{"href":"https:\/\/www.pgd-loka.si\/index.php?rest_route=\/wp\/v2\/types\/page"}],"author":[{"embeddable":true,"href":"https:\/\/www.pgd-loka.si\/index.php?rest_route=\/wp\/v2\/users\/3"}],"replies":[{"embeddable":true,"href":"https:\/\/www.pgd-loka.si\/index.php?rest_route=%2Fwp%2Fv2%2Fcomments&post=12144"}],"version-history":[{"count":30,"href":"https:\/\/www.pgd-loka.si\/index.php?rest_route=\/wp\/v2\/pages\/12144\/revisions"}],"predecessor-version":[{"id":12659,"href":"https:\/\/www.pgd-loka.si\/index.php?rest_route=\/wp\/v2\/pages\/12144\/revisions\/12659"}],"wp:attachment":[{"href":"https:\/\/www.pgd-loka.si\/index.php?rest_route=%2Fwp%2Fv2%2Fmedia&parent=12144"}],"curies":[{"name":"wp","href":"https:\/\/api.w.org\/{rel}","templated":true}]}}